{"id":110,"date":"2024-10-26T02:46:55","date_gmt":"2024-10-26T00:46:55","guid":{"rendered":"http:\/\/lantadilla.ddns.net:82\/lantadilla\/?page_id=110"},"modified":"2025-12-28T02:31:08","modified_gmt":"2025-12-28T01:31:08","slug":"lugares","status":"publish","type":"page","link":"http:\/\/lantadilla.ddns.net\/lantadilla\/index.php\/lugares\/","title":{"rendered":"Lugares"},"content":{"rendered":"\n<p>En esta secci\u00f3n se recogen algunos de los lugares m\u00e1s representativos de Lantadilla, con informaci\u00f3n y fotograf\u00edas sobre ellos:&nbsp;<\/p>\n\n\n\n<p>\u00a0\u00a0\u00a0\u00a0\u00a0\u00a0\u00a0<a href=\"http:\/\/lantadilla.ddns.net\/lantadilla\/index.php\/iglesia\/\">La Iglesia<\/a><\/p>\n\n\n\n<p>\u00a0\u00a0\u00a0\u00a0\u00a0\u00a0\u00a0<a href=\"http:\/\/lantadilla.ddns.net\/lantadilla\/index.php\/el-ayuntamiento\/\">El Ayuntamiento<\/a><\/p>\n\n\n\n<p>\u00a0\u00a0\u00a0\u00a0\u00a0\u00a0\u00a0<a href=\"http:\/\/lantadilla.ddns.net\/lantadilla\/index.php\/el-puente\/\">El Puente<\/a><\/p>\n\n\n\n<p>\u00a0\u00a0\u00a0\u00a0\u00a0\u00a0\u00a0<a href=\"http:\/\/lantadilla.ddns.net\/lantadilla\/index.php\/la-ermita\/\">La Ermita<\/a><\/p>\n\n\n\n<p>\u00a0\u00a0\u00a0\u00a0\u00a0\u00a0\u00a0<a href=\"http:\/\/lantadilla.ddns.net\/lantadilla\/index.php\/la-plaza\/\">La Plaza<\/a><\/p>\n\n\n\n<p>\u00a0\u00a0\u00a0\u00a0\u00a0\u00a0\u00a0<a href=\"http:\/\/lantadilla.ddns.net\/lantadilla\/index.php\/la-fuente\/\">La Fuente<\/a><\/p>\n\n\n\n<p>\u00a0 \u00a0\u00a0\u00a0\u00a0\u00a0<a href=\"http:\/\/lantadilla.ddns.net\/lantadilla\/index.php\/el-canal-del-pisuerga\/\">El Canal del Pisuerga<\/a><\/p>\n\n\n\n<p>\u00a0\u00a0\u00a0\u00a0\u00a0\u00a0\u00a0<a href=\"http:\/\/lantadilla.ddns.net\/lantadilla\/index.php\/san-roque\/\">San Roque<\/a><\/p>\n\n\n\n<p>\u00a0\u00a0\u00a0\u00a0\u00a0\u00a0\u00a0<a href=\"http:\/\/lantadilla.ddns.net\/lantadilla\/index.php\/el-cementerio\/\">El Cementerio<\/a><\/p>\n\n\n\n<p>\u00a0\u00a0\u00a0\u00a0\u00a0\u00a0\u00a0<a href=\"http:\/\/lantadilla.ddns.net\/lantadilla\/index.php\/la-piscina\/\">La Piscina<\/a><\/p>\n","protected":false},"excerpt":{"rendered":"<p>En esta secci\u00f3n se recogen algunos de los lugares m\u00e1s representativos de Lantadilla, con informaci\u00f3n y fotograf\u00edas sobre ellos:&nbsp; \u00a0\u00a0\u00a0\u00a0\u00a0\u00a0\u00a0La Iglesia \u00a0\u00a0\u00a0\u00a0\u00a0\u00a0\u00a0El Ayuntamiento \u00a0\u00a0\u00a0\u00a0\u00a0\u00a0\u00a0El Puente \u00a0\u00a0\u00a0\u00a0\u00a0\u00a0\u00a0La Ermita \u00a0\u00a0\u00a0\u00a0\u00a0\u00a0\u00a0La Plaza \u00a0\u00a0\u00a0\u00a0\u00a0\u00a0\u00a0La Fuente \u00a0 \u00a0\u00a0\u00a0\u00a0\u00a0El Canal del Pisuerga \u00a0\u00a0\u00a0\u00a0\u00a0\u00a0\u00a0San Roque \u00a0\u00a0\u00a0\u00a0\u00a0\u00a0\u00a0El Cementerio \u00a0\u00a0\u00a0\u00a0\u00a0\u00a0\u00a0La Piscina<\/p>\n","protected":false},"author":1,"featured_media":0,"parent":0,"menu_order":4,"comment_status":"closed","ping_status":"closed","template":"","meta":{"footnotes":""},"class_list":["post-110","page","type-page","status-publish","hentry"],"_links":{"self":[{"href":"http:\/\/lantadilla.ddns.net\/lantadilla\/index.php\/wp-json\/wp\/v2\/pages\/110","targetHints":{"allow":["GET"]}}],"collection":[{"href":"http:\/\/lantadilla.ddns.net\/lantadilla\/index.php\/wp-json\/wp\/v2\/pages"}],"about":[{"href":"http:\/\/lantadilla.ddns.net\/lantadilla\/index.php\/wp-json\/wp\/v2\/types\/page"}],"author":[{"embeddable":true,"href":"http:\/\/lantadilla.ddns.net\/lantadilla\/index.php\/wp-json\/wp\/v2\/users\/1"}],"replies":[{"embeddable":true,"href":"http:\/\/lantadilla.ddns.net\/lantadilla\/index.php\/wp-json\/wp\/v2\/comments?post=110"}],"version-history":[{"count":14,"href":"http:\/\/lantadilla.ddns.net\/lantadilla\/index.php\/wp-json\/wp\/v2\/pages\/110\/revisions"}],"predecessor-version":[{"id":2370,"href":"http:\/\/lantadilla.ddns.net\/lantadilla\/index.php\/wp-json\/wp\/v2\/pages\/110\/revisions\/2370"}],"wp:attachment":[{"href":"http:\/\/lantadilla.ddns.net\/lantadilla\/index.php\/wp-json\/wp\/v2\/media?parent=110"}],"curies":[{"name":"wp","href":"https:\/\/api.w.org\/{rel}","templated":true}]}}