{"id":224,"date":"2024-10-26T23:18:29","date_gmt":"2024-10-26T21:18:29","guid":{"rendered":"http:\/\/lantadilla.ddns.net:82\/lantadilla\/?page_id=224"},"modified":"2025-12-28T02:40:13","modified_gmt":"2025-12-28T01:40:13","slug":"la-plaza","status":"publish","type":"page","link":"http:\/\/lantadilla.ddns.net\/lantadilla\/index.php\/la-plaza\/","title":{"rendered":"La Plaza"},"content":{"rendered":"\n<p>La Plaza Mayor es el centro de Lantadilla, tanto desde el punto de vista geogr\u00e1fico-urban\u00edstico, como desde el punto de vista del desarrollo de la vida social del pueblo. Es el lugar en el que confluyen la principales calles del pueblo, como la Calle del Arco, la Calle Real, la Calle del R\u00edo, la de la Iglesia,&#8230; Es el lugar en el que se levanta el ayuntamiento, en el que se celebran casi todos los acontecimientos de las fiestas patronales, el que se decora en Navidad, en el que se pone el mercado ambulante, etc&#8230; Es lugar de paso&#8230;, y lugar de parada:<\/p>\n\n\n\n<figure class=\"wp-block-image size-full is-resized\"><img loading=\"lazy\" decoding=\"async\" width=\"512\" height=\"384\" src=\"http:\/\/lantadilla.ddns.net\/lantadilla\/wp-content\/uploads\/2025\/12\/plaza2.jpg\" alt=\"\" class=\"wp-image-2312\" style=\"width:663px;height:auto\" srcset=\"http:\/\/lantadilla.ddns.net\/lantadilla\/wp-content\/uploads\/2025\/12\/plaza2.jpg 512w, http:\/\/lantadilla.ddns.net\/lantadilla\/wp-content\/uploads\/2025\/12\/plaza2-300x225.jpg 300w\" sizes=\"auto, (max-width: 512px) 100vw, 512px\" \/><\/figure>\n\n\n\n<p>Como es l\u00f3gico, la plaza es otro de los lugares que ha sufrido una gran transformaci\u00f3n en el pueblo. Primero la plaza no ten\u00eda seto ni \u00e1rboles, y los bancos eran de piedra, como se aprecia en las siguientes fotos, de hace ya bastantes a\u00f1os:<\/p>\n\n\n<div class=\"wp-block-image\">\n<figure class=\"aligncenter size-full is-resized\"><img loading=\"lazy\" decoding=\"async\" width=\"212\" height=\"154\" src=\"http:\/\/lantadilla.ddns.net\/lantadilla\/wp-content\/uploads\/2025\/12\/rantplz1-1.jpg\" alt=\"Antigua plaza en invierno\" class=\"wp-image-2314\" style=\"aspect-ratio:1.376683605505945;width:522px;height:auto\"\/><\/figure>\n<\/div>\n\n<div class=\"wp-block-image\">\n<figure class=\"aligncenter size-full is-resized\"><img loading=\"lazy\" decoding=\"async\" width=\"200\" height=\"154\" src=\"http:\/\/lantadilla.ddns.net\/lantadilla\/wp-content\/uploads\/2025\/12\/rantplz2.jpg\" alt=\"\" class=\"wp-image-2315\" style=\"aspect-ratio:1.2987497667475276;width:516px;height:auto\"\/><\/figure>\n<\/div>\n\n\n<div style=\"height:10px\" aria-hidden=\"true\" class=\"wp-block-spacer\"><\/div>\n\n\n\n<p>M\u00e1s tarde fue radicalmente remodelada haciendo de ella una zona verde gracias al seto, los \u00e1rboles,&#8230; se pusieron los bancos met\u00e1licos y se la dot\u00f3 de forma circular, rodeada de acera, se puso&nbsp;la cabina de tel\u00e9fono, el buz\u00f3n&#8230;.<\/p>\n\n\n\n<figure class=\"wp-block-image size-full is-resized\"><img loading=\"lazy\" decoding=\"async\" width=\"274\" height=\"182\" src=\"http:\/\/lantadilla.ddns.net\/lantadilla\/wp-content\/uploads\/2025\/12\/rplaza.jpg\" alt=\"Vista de la iglesia desde la plaza\" class=\"wp-image-2316\" style=\"width:663px;height:auto\"\/><\/figure>\n\n\n\n<p>Luego lleg\u00f3 la plaza que hemos conocido en los \u00faltimos tiempos.&nbsp;Con la remodelaci\u00f3n ya comentada del ayuntamiento, la plaza gan\u00f3 en espacio, puesto que a la superficie ocupada por la plaza de siempre hay que a\u00f1adir la que dej\u00f3 libre el nuevo edificio del ayuntamiento, unos metros m\u00e1s alejado que antes.&nbsp;Se sustituyeron los bancos de metal por unos de piedra, se recort\u00f3&nbsp;el seto&nbsp;y se quitaron los \u00e1rboles, quedando la plaza que vemos en la siguiente imagen:<\/p>\n\n\n\n<figure class=\"wp-block-image size-full is-resized\"><img loading=\"lazy\" decoding=\"async\" width=\"512\" height=\"384\" src=\"http:\/\/lantadilla.ddns.net\/lantadilla\/wp-content\/uploads\/2025\/12\/plaza1.jpg\" alt=\"Plaza con el antiguo jard\u00edn\" class=\"wp-image-2317\" style=\"width:663px;height:auto\" srcset=\"http:\/\/lantadilla.ddns.net\/lantadilla\/wp-content\/uploads\/2025\/12\/plaza1.jpg 512w, http:\/\/lantadilla.ddns.net\/lantadilla\/wp-content\/uploads\/2025\/12\/plaza1-300x225.jpg 300w\" sizes=\"auto, (max-width: 512px) 100vw, 512px\" \/><\/figure>\n\n\n\n<p>La siguientes im\u00e1genes son de la misma esquina de la plaza, pero tomadas en \u00e9pocas diferentes:<\/p>\n\n\n\n<figure class=\"wp-block-image size-full is-resized\"><img loading=\"lazy\" decoding=\"async\" width=\"202\" height=\"140\" src=\"http:\/\/lantadilla.ddns.net\/lantadilla\/wp-content\/uploads\/2025\/12\/rantplaz.jpg\" alt=\"\" class=\"wp-image-2318\" style=\"width:438px;height:auto\"\/><\/figure>\n\n\n<div class=\"wp-block-image\">\n<figure class=\"aligncenter size-full is-resized\"><img loading=\"lazy\" decoding=\"async\" width=\"228\" height=\"140\" src=\"http:\/\/lantadilla.ddns.net\/lantadilla\/wp-content\/uploads\/2025\/12\/ractplaz.jpg\" alt=\"\" class=\"wp-image-2319\" style=\"width:439px;height:auto\"\/><\/figure>\n<\/div>\n\n<div class=\"wp-block-image\">\n<figure class=\"alignright size-full is-resized\"><img loading=\"lazy\" decoding=\"async\" width=\"256\" height=\"192\" src=\"http:\/\/lantadilla.ddns.net\/lantadilla\/wp-content\/uploads\/2025\/12\/plaza-esq.jpg\" alt=\"\" class=\"wp-image-2320\" style=\"width:438px;height:auto\"\/><\/figure>\n<\/div>\n\n\n<div style=\"height:10px\" aria-hidden=\"true\" class=\"wp-block-spacer\"><\/div>\n\n\n\n<p>Entre los a\u00f1os 2005 y 2006 se llev\u00f3 a cabo la \u00faltima remodelaci\u00f3n de la plaza, en la que se le ha dotado del aspecto de una plaza castellana. Se han eliminado las calles y las aceras, el tr\u00e1nsito de veh\u00edculos, el seto, la cabina, el buz\u00f3n&#8230; Ahora la plaza es un espacio abierto con piso de piedra blanca y un oct\u00f3gono central de piedra rojiza con una farola en el centro. El dise\u00f1o de la plaza se completa con bancos largos de piedra, m\u00e1s farolas en el per\u00edmetro de la plaza y bolardos en el \u00fanico tramo en el que sigue estando permitido el tr\u00e1nsito de veh\u00edculos, que es entre la calle del arco y las calles Real y Lantada. En las siguientes im\u00e1genes se ve la plaza actual:<\/p>\n\n\n\n<figure class=\"wp-block-image size-full is-resized\"><img loading=\"lazy\" decoding=\"async\" width=\"384\" height=\"288\" src=\"http:\/\/lantadilla.ddns.net\/lantadilla\/wp-content\/uploads\/2025\/12\/plaza3.jpg\" alt=\"La plaza y el ayuntamiento\" class=\"wp-image-2321\" style=\"width:663px;height:auto\" srcset=\"http:\/\/lantadilla.ddns.net\/lantadilla\/wp-content\/uploads\/2025\/12\/plaza3.jpg 384w, http:\/\/lantadilla.ddns.net\/lantadilla\/wp-content\/uploads\/2025\/12\/plaza3-300x225.jpg 300w\" sizes=\"auto, (max-width: 384px) 100vw, 384px\" \/><\/figure>\n\n\n\n<div style=\"height:1px\" aria-hidden=\"true\" class=\"wp-block-spacer\"><\/div>\n\n\n\n<figure class=\"wp-block-image size-full is-resized\"><img loading=\"lazy\" decoding=\"async\" width=\"384\" height=\"288\" src=\"http:\/\/lantadilla.ddns.net\/lantadilla\/wp-content\/uploads\/2025\/12\/plaza4.jpg\" alt=\"\" class=\"wp-image-2322\" style=\"width:663px;height:auto\" srcset=\"http:\/\/lantadilla.ddns.net\/lantadilla\/wp-content\/uploads\/2025\/12\/plaza4.jpg 384w, http:\/\/lantadilla.ddns.net\/lantadilla\/wp-content\/uploads\/2025\/12\/plaza4-300x225.jpg 300w\" sizes=\"auto, (max-width: 384px) 100vw, 384px\" \/><\/figure>\n\n\n\n<div style=\"height:1px\" aria-hidden=\"true\" class=\"wp-block-spacer\"><\/div>\n\n\n\n<figure class=\"wp-block-image size-full is-resized\"><img loading=\"lazy\" decoding=\"async\" width=\"384\" height=\"288\" src=\"http:\/\/lantadilla.ddns.net\/lantadilla\/wp-content\/uploads\/2025\/12\/plaza5.jpg\" alt=\"\" class=\"wp-image-2323\" style=\"width:663px;height:auto\" srcset=\"http:\/\/lantadilla.ddns.net\/lantadilla\/wp-content\/uploads\/2025\/12\/plaza5.jpg 384w, http:\/\/lantadilla.ddns.net\/lantadilla\/wp-content\/uploads\/2025\/12\/plaza5-300x225.jpg 300w\" sizes=\"auto, (max-width: 384px) 100vw, 384px\" \/><\/figure>\n\n\n\n<div style=\"height:30px\" aria-hidden=\"true\" class=\"wp-block-spacer\"><\/div>\n\n\n\n<p><a href=\"http:\/\/lantadilla.ddns.net\/lantadilla\/index.php\/lugares\/\" data-type=\"link\" data-id=\"http:\/\/lantadilla.ddns.net:81\/lantadilla\/index.php\/lugares\/\">Volver a Lugares<\/a><\/p>\n","protected":false},"excerpt":{"rendered":"<p>La Plaza Mayor es el centro de Lantadilla, tanto desde el punto de vista geogr\u00e1fico-urban\u00edstico, como desde el punto de vista del desarrollo de la vida social del pueblo. Es el lugar en el que confluyen la principales calles del pueblo, como la Calle del Arco, la Calle Real, la Calle del R\u00edo, la de [&hellip;]<\/p>\n","protected":false},"author":1,"featured_media":0,"parent":0,"menu_order":0,"comment_status":"closed","ping_status":"closed","template":"","meta":{"footnotes":""},"class_list":["post-224","page","type-page","status-publish","hentry"],"_links":{"self":[{"href":"http:\/\/lantadilla.ddns.net\/lantadilla\/index.php\/wp-json\/wp\/v2\/pages\/224","targetHints":{"allow":["GET"]}}],"collection":[{"href":"http:\/\/lantadilla.ddns.net\/lantadilla\/index.php\/wp-json\/wp\/v2\/pages"}],"about":[{"href":"http:\/\/lantadilla.ddns.net\/lantadilla\/index.php\/wp-json\/wp\/v2\/types\/page"}],"author":[{"embeddable":true,"href":"http:\/\/lantadilla.ddns.net\/lantadilla\/index.php\/wp-json\/wp\/v2\/users\/1"}],"replies":[{"embeddable":true,"href":"http:\/\/lantadilla.ddns.net\/lantadilla\/index.php\/wp-json\/wp\/v2\/comments?post=224"}],"version-history":[{"count":14,"href":"http:\/\/lantadilla.ddns.net\/lantadilla\/index.php\/wp-json\/wp\/v2\/pages\/224\/revisions"}],"predecessor-version":[{"id":2378,"href":"http:\/\/lantadilla.ddns.net\/lantadilla\/index.php\/wp-json\/wp\/v2\/pages\/224\/revisions\/2378"}],"wp:attachment":[{"href":"http:\/\/lantadilla.ddns.net\/lantadilla\/index.php\/wp-json\/wp\/v2\/media?parent=224"}],"curies":[{"name":"wp","href":"https:\/\/api.w.org\/{rel}","templated":true}]}}