{"id":235,"date":"2024-10-27T00:00:30","date_gmt":"2024-10-26T22:00:30","guid":{"rendered":"http:\/\/lantadilla.ddns.net:82\/lantadilla\/?page_id=235"},"modified":"2025-12-28T17:15:45","modified_gmt":"2025-12-28T16:15:45","slug":"el-canal-del-pisuerga","status":"publish","type":"page","link":"http:\/\/lantadilla.ddns.net\/lantadilla\/index.php\/el-canal-del-pisuerga\/","title":{"rendered":"El Canal del Pisuerga"},"content":{"rendered":"\n<p>El Canal del Pisuerga atraviesa el t\u00e9rmino municipal de Lantadilla diagonalmente de Nordeste a Suroeste, con una distancia total de 6800 metros, 409 de los cuales corresponden al tramo subterr\u00e1neo que atraviesa el casco urbano del pueblo, con una secci\u00f3n en herradura de 2,5 metros de altura y una anchura m\u00e1xima de 3 metros. Popularmente se le conoce como \u00abla acequia\u00bb.<\/p>\n\n\n\n<figure class=\"wp-block-image size-full is-resized\"><img loading=\"lazy\" decoding=\"async\" width=\"400\" height=\"253\" src=\"http:\/\/lantadilla.ddns.net\/lantadilla\/wp-content\/uploads\/2025\/12\/canal1.jpg\" alt=\"El canal hacia el cementerio\" class=\"wp-image-2340\" style=\"width:663px;height:auto\" srcset=\"http:\/\/lantadilla.ddns.net\/lantadilla\/wp-content\/uploads\/2025\/12\/canal1.jpg 400w, http:\/\/lantadilla.ddns.net\/lantadilla\/wp-content\/uploads\/2025\/12\/canal1-300x190.jpg 300w\" sizes=\"auto, (max-width: 400px) 100vw, 400px\" \/><\/figure>\n\n\n\n<p>El Canal del Pisuerga nace a unos 3 Kil\u00f3metros aguas abajo de Herrera del Pisuerga, en la presa de San Andr\u00e9s, tomando sus aguas del r\u00edo Pisuerga. Muere en el t\u00e9rmino municipal de Amusco, uni\u00e9ndose al r\u00edo Ucieza, despu\u00e9s de haber recorrido 69,364 Kil\u00f3metros y habiendo salvado un desnivel de 72 metros. Su finalidad principal es la de proveer agua para el riego a un total de unas 8650 hect\u00e1reas aproximadamente, aunque puede llegar a hacerlo hasta a 15000. En la pr\u00f3xima foto vemos la llegada del Canal al pueblo y su entrada en el tramo subterr\u00e1neo que lo atraviesa.<\/p>\n\n\n\n<figure class=\"wp-block-image size-full is-resized\"><img loading=\"lazy\" decoding=\"async\" width=\"512\" height=\"384\" src=\"http:\/\/lantadilla.ddns.net\/lantadilla\/wp-content\/uploads\/2025\/12\/canal3.jpg\" alt=\"El canal hacia la iglesia\" class=\"wp-image-2341\" style=\"width:663px;height:auto\" srcset=\"http:\/\/lantadilla.ddns.net\/lantadilla\/wp-content\/uploads\/2025\/12\/canal3.jpg 512w, http:\/\/lantadilla.ddns.net\/lantadilla\/wp-content\/uploads\/2025\/12\/canal3-300x225.jpg 300w\" sizes=\"auto, (max-width: 512px) 100vw, 512px\" \/><\/figure>\n\n\n\n<p>El primer proyecto de construcci\u00f3n del Canal se remonta al 22 de Mayo de 1922, aunque se pueden distinguir varias etapas hasta su finalizaci\u00f3n. Antes de la Guerra se llevaron a cabo los dos primeros tramos, los que abarcan de Herrera a Naveros. La Guerra Civil par\u00f3 las obras, que no se reanudar\u00edan hasta el 13 de Diciembre de 1945. Desde entonces y hasta Marzo de 1966 se construyeron el resto de los tramos hasta completar los 10 de los que consta actualmente. La obra se dio por finalizada oficialmente el 25 de Junio de 1973.<\/p>\n\n\n\n<p>Por lo que respecta a Lantadilla, la adjudicaci\u00f3n de la obra tuvo lugar en Marzo de 1953, comenzando las obras en Junio de ese mismo a\u00f1o. Su finalizaci\u00f3n estaba programada para Diciembre de 1959, aunque finalmente se termin\u00f3 en Noviembre de 1961, d\u00e1ndose la aprobaci\u00f3n oficial en Mayo de 1962. En la foto se ve el pueblo de Lantadilla mientras se aleja el Canal del Pisuerga.<\/p>\n\n\n\n<figure class=\"wp-block-image size-full is-resized\"><img loading=\"lazy\" decoding=\"async\" width=\"512\" height=\"384\" src=\"http:\/\/lantadilla.ddns.net\/lantadilla\/wp-content\/uploads\/2025\/12\/canal4.jpg\" alt=\"El puente del canal hacia la ermita\" class=\"wp-image-2343\" style=\"width:663px;height:auto\" srcset=\"http:\/\/lantadilla.ddns.net\/lantadilla\/wp-content\/uploads\/2025\/12\/canal4.jpg 512w, http:\/\/lantadilla.ddns.net\/lantadilla\/wp-content\/uploads\/2025\/12\/canal4-300x225.jpg 300w\" sizes=\"auto, (max-width: 512px) 100vw, 512px\" \/><\/figure>\n\n\n\n<p>&nbsp; &nbsp; &nbsp; El Canal del Pisuerga tiene a lo largo de su recorrido 6 tramos subterr\u00e1neos, siendo el que pasa por debajo del n\u00facleo urbano de Lantadilla uno de los m\u00e1s largos con sus 409 metros. El Canal tiene que salvar tambi\u00e9n a lo largo de su trayecto numerosas dificultades geogr\u00e1ficas como carreteras, r\u00edos, caminos, etc&#8230;, siendo la m\u00e1s importante la del sif\u00f3n para salvar el r\u00edo Vallarna, en el t\u00e9rmino municipal de Lantadilla, con 568 metros de largo, 20 de profundidad y 2,5 de di\u00e1metro. El sif\u00f3n en Lantadilla tiene su propia \u00abhistoria\u00bb, siendo famoso por ser el lugar donde sol\u00eda aparecer la gente que era arrastrada por la corriente del agua.<\/p>\n\n\n\n<figure class=\"wp-block-image size-full is-resized\"><img loading=\"lazy\" decoding=\"async\" width=\"512\" height=\"384\" src=\"http:\/\/lantadilla.ddns.net\/lantadilla\/wp-content\/uploads\/2025\/12\/canal5.jpg\" alt=\"El canal hacia Itero\" class=\"wp-image-2344\" style=\"width:663px;height:auto\" srcset=\"http:\/\/lantadilla.ddns.net\/lantadilla\/wp-content\/uploads\/2025\/12\/canal5.jpg 512w, http:\/\/lantadilla.ddns.net\/lantadilla\/wp-content\/uploads\/2025\/12\/canal5-300x225.jpg 300w\" sizes=\"auto, (max-width: 512px) 100vw, 512px\" \/><\/figure>\n\n\n\n<p>&nbsp; &nbsp; &nbsp; El recorrido del Canal por el t\u00e9rmino municipal de Lantadilla abarca los tramos 5 y 6, con 6800 metros. Riega 460 hect\u00e1reas de 310 propietarios, siendo as\u00ed el pueblo con mayor n\u00famero de regantes de todo su recorrido. En su paso por el nucleo urbano se plantearon 3 posibles alternativas: la primera, hacer un t\u00fanel por debajo del pueblo; la segunda, hacer otro t\u00fanel m\u00e1s largo que fuese alrededor de la poblaci\u00f3n, por la eras y las carreteras de Osornillo y Fr\u00f3mista; y la tercera, hacer un canal colgante que fuese paralelo al Pisuerga por detr\u00e1s de la Iglesia y las casas. Se eligi\u00f3 la primera opci\u00f3n por ser la m\u00e1s barata y no causar excesivos transtornos a los habitantes del pueblo. As\u00ed, el Canal atraviesa subterr\u00e1neamente el pueblo por debajo de la calle Santa Mar\u00eda.<\/p>\n\n\n\n<div style=\"height:30px\" aria-hidden=\"true\" class=\"wp-block-spacer\"><\/div>\n\n\n\n<p><a href=\"http:\/\/lantadilla.ddns.net\/lantadilla\/index.php\/lugares\/\" data-type=\"link\" data-id=\"http:\/\/lantadilla.ddns.net:81\/lantadilla\/index.php\/lugares\/\">Volver a Lugares<\/a><\/p>\n","protected":false},"excerpt":{"rendered":"<p>El Canal del Pisuerga atraviesa el t\u00e9rmino municipal de Lantadilla diagonalmente de Nordeste a Suroeste, con una distancia total de 6800 metros, 409 de los cuales corresponden al tramo subterr\u00e1neo que atraviesa el casco urbano del pueblo, con una secci\u00f3n en herradura de 2,5 metros de altura y una anchura m\u00e1xima de 3 metros. Popularmente [&hellip;]<\/p>\n","protected":false},"author":1,"featured_media":0,"parent":0,"menu_order":0,"comment_status":"closed","ping_status":"closed","template":"","meta":{"footnotes":""},"class_list":["post-235","page","type-page","status-publish","hentry"],"_links":{"self":[{"href":"http:\/\/lantadilla.ddns.net\/lantadilla\/index.php\/wp-json\/wp\/v2\/pages\/235","targetHints":{"allow":["GET"]}}],"collection":[{"href":"http:\/\/lantadilla.ddns.net\/lantadilla\/index.php\/wp-json\/wp\/v2\/pages"}],"about":[{"href":"http:\/\/lantadilla.ddns.net\/lantadilla\/index.php\/wp-json\/wp\/v2\/types\/page"}],"author":[{"embeddable":true,"href":"http:\/\/lantadilla.ddns.net\/lantadilla\/index.php\/wp-json\/wp\/v2\/users\/1"}],"replies":[{"embeddable":true,"href":"http:\/\/lantadilla.ddns.net\/lantadilla\/index.php\/wp-json\/wp\/v2\/comments?post=235"}],"version-history":[{"count":4,"href":"http:\/\/lantadilla.ddns.net\/lantadilla\/index.php\/wp-json\/wp\/v2\/pages\/235\/revisions"}],"predecessor-version":[{"id":2398,"href":"http:\/\/lantadilla.ddns.net\/lantadilla\/index.php\/wp-json\/wp\/v2\/pages\/235\/revisions\/2398"}],"wp:attachment":[{"href":"http:\/\/lantadilla.ddns.net\/lantadilla\/index.php\/wp-json\/wp\/v2\/media?parent=235"}],"curies":[{"name":"wp","href":"https:\/\/api.w.org\/{rel}","templated":true}]}}