{"id":243,"date":"2024-10-27T00:12:57","date_gmt":"2024-10-26T22:12:57","guid":{"rendered":"http:\/\/lantadilla.ddns.net:82\/lantadilla\/?page_id=243"},"modified":"2025-12-28T02:35:38","modified_gmt":"2025-12-28T01:35:38","slug":"el-cementerio","status":"publish","type":"page","link":"http:\/\/lantadilla.ddns.net\/lantadilla\/index.php\/el-cementerio\/","title":{"rendered":"El Cementerio"},"content":{"rendered":"\n<p>El cementerio de Lantadilla se construy\u00f3 en 1949 en los terrenos donados al municipio por los hijos del pueblo Emilio Fern\u00e1ndez y Felisa Garc\u00eda, ante la evidencia de que el antiguo cementerio, situado a la derecha de la Iglesia, no cubr\u00eda las necesidades de espacio del pueblo.<\/p>\n\n\n\n<figure class=\"wp-block-image size-full is-resized\"><img loading=\"lazy\" decoding=\"async\" width=\"384\" height=\"288\" src=\"http:\/\/lantadilla.ddns.net\/lantadilla\/wp-content\/uploads\/2025\/12\/cementerio3.jpg\" alt=\"Placa de la entrada\" class=\"wp-image-2352\" style=\"width:663px;height:auto\" srcset=\"http:\/\/lantadilla.ddns.net\/lantadilla\/wp-content\/uploads\/2025\/12\/cementerio3.jpg 384w, http:\/\/lantadilla.ddns.net\/lantadilla\/wp-content\/uploads\/2025\/12\/cementerio3-300x225.jpg 300w\" sizes=\"auto, (max-width: 384px) 100vw, 384px\" \/><\/figure>\n\n\n\n<p>El antiguo cementerio estuvo en funcionamiento desde 1833, y en el momento del movimiento del antiguo cementerio al nuevo, los restos que quedaban de los enterramientos en el antiguo cementerio fueron recogidos para ser depositados en el nuevo cementerio bajo una l\u00e1pida que hay a la entrada del cementerio y que recuerda este hecho:<\/p>\n\n\n\n<figure class=\"wp-block-image size-full is-resized\"><img loading=\"lazy\" decoding=\"async\" width=\"512\" height=\"384\" src=\"http:\/\/lantadilla.ddns.net\/lantadilla\/wp-content\/uploads\/2025\/12\/cementerio1.jpg\" alt=\"Restos del antiguo cementerio\" class=\"wp-image-2354\" style=\"width:663px;height:auto\" srcset=\"http:\/\/lantadilla.ddns.net\/lantadilla\/wp-content\/uploads\/2025\/12\/cementerio1.jpg 512w, http:\/\/lantadilla.ddns.net\/lantadilla\/wp-content\/uploads\/2025\/12\/cementerio1-300x225.jpg 300w\" sizes=\"auto, (max-width: 512px) 100vw, 512px\" \/><\/figure>\n\n\n\n<p>En 1954 se llev\u00f3 a cabo el primer enterramiento en este cementerio municipal llamado San Roque. En la siguientes fotos se ve la puerta de entrada al cementerio y el cartel con su nombre:<\/p>\n\n\n\n<figure class=\"wp-block-image size-full is-resized\"><img loading=\"lazy\" decoding=\"async\" width=\"512\" height=\"384\" src=\"http:\/\/lantadilla.ddns.net\/lantadilla\/wp-content\/uploads\/2025\/12\/cementerio2.jpg\" alt=\"Entrada del cementerio\" class=\"wp-image-2355\" style=\"width:663px;height:auto\" srcset=\"http:\/\/lantadilla.ddns.net\/lantadilla\/wp-content\/uploads\/2025\/12\/cementerio2.jpg 512w, http:\/\/lantadilla.ddns.net\/lantadilla\/wp-content\/uploads\/2025\/12\/cementerio2-300x225.jpg 300w\" sizes=\"auto, (max-width: 512px) 100vw, 512px\" \/><\/figure>\n\n\n\n<div style=\"height:10px\" aria-hidden=\"true\" class=\"wp-block-spacer\"><\/div>\n\n\n<div class=\"wp-block-image\">\n<figure class=\"aligncenter size-full is-resized\"><img loading=\"lazy\" decoding=\"async\" width=\"384\" height=\"288\" src=\"http:\/\/lantadilla.ddns.net\/lantadilla\/wp-content\/uploads\/2025\/12\/cementerio4.jpg\" alt=\"\" class=\"wp-image-2356\" style=\"width:486px;height:auto\" srcset=\"http:\/\/lantadilla.ddns.net\/lantadilla\/wp-content\/uploads\/2025\/12\/cementerio4.jpg 384w, http:\/\/lantadilla.ddns.net\/lantadilla\/wp-content\/uploads\/2025\/12\/cementerio4-300x225.jpg 300w\" sizes=\"auto, (max-width: 384px) 100vw, 384px\" \/><\/figure>\n<\/div>\n\n\n<p>El nuevo cementerio est\u00e1 situado en la parte Noreste del t\u00e9rmino municipal, cerca de las eras y junto a la ermita de San Roque, de la que le separa la acequia. Se accede al cementerio por un camino asfaltado de unos 100 metros que discurre paralelo al Canal del Pisuerga en su llegada al pueblo procedente de Osornillo. La siguiente foto es la vista de un atardecer de invierno desde la puerta del cementerio:<\/p>\n\n\n\n<figure class=\"wp-block-image size-full is-resized\"><img loading=\"lazy\" decoding=\"async\" width=\"512\" height=\"384\" src=\"http:\/\/lantadilla.ddns.net\/lantadilla\/wp-content\/uploads\/2025\/12\/cementerio9.jpg\" alt=\"Vista desde el cementerio\" class=\"wp-image-2357\" style=\"width:663px;height:auto\" srcset=\"http:\/\/lantadilla.ddns.net\/lantadilla\/wp-content\/uploads\/2025\/12\/cementerio9.jpg 512w, http:\/\/lantadilla.ddns.net\/lantadilla\/wp-content\/uploads\/2025\/12\/cementerio9-300x225.jpg 300w\" sizes=\"auto, (max-width: 512px) 100vw, 512px\" \/><\/figure>\n\n\n\n<p>En el a\u00f1o 1990 se llev\u00f3 a cabo una ampliaci\u00f3n de los terrenos del cementerio, puesto que al ser la de las parcelas una compra a perpetuidad, el espacio se estaba quedando insuficiente:<\/p>\n\n\n<div class=\"wp-block-image\">\n<figure class=\"aligncenter size-full is-resized\"><img loading=\"lazy\" decoding=\"async\" width=\"384\" height=\"288\" src=\"http:\/\/lantadilla.ddns.net\/lantadilla\/wp-content\/uploads\/2025\/12\/cementerio5.jpg\" alt=\"\" class=\"wp-image-2358\" style=\"width:514px;height:auto\" srcset=\"http:\/\/lantadilla.ddns.net\/lantadilla\/wp-content\/uploads\/2025\/12\/cementerio5.jpg 384w, http:\/\/lantadilla.ddns.net\/lantadilla\/wp-content\/uploads\/2025\/12\/cementerio5-300x225.jpg 300w\" sizes=\"auto, (max-width: 384px) 100vw, 384px\" \/><\/figure>\n<\/div>\n\n\n<p>Actualmente no hay problemas de espacio en el nuevo cementerio ya que hay una zona amplia sin utilizarse:<\/p>\n\n\n\n<figure class=\"wp-block-image size-full is-resized\"><img loading=\"lazy\" decoding=\"async\" width=\"512\" height=\"384\" src=\"http:\/\/lantadilla.ddns.net\/lantadilla\/wp-content\/uploads\/2025\/12\/cementerio7.jpg\" alt=\"\" class=\"wp-image-2359\" style=\"width:663px;height:auto\" srcset=\"http:\/\/lantadilla.ddns.net\/lantadilla\/wp-content\/uploads\/2025\/12\/cementerio7.jpg 512w, http:\/\/lantadilla.ddns.net\/lantadilla\/wp-content\/uploads\/2025\/12\/cementerio7-300x225.jpg 300w\" sizes=\"auto, (max-width: 512px) 100vw, 512px\" \/><\/figure>\n\n\n\n<div style=\"height:30px\" aria-hidden=\"true\" class=\"wp-block-spacer\"><\/div>\n\n\n\n<p><a href=\"http:\/\/lantadilla.ddns.net\/lantadilla\/index.php\/lugares\/\" data-type=\"link\" data-id=\"http:\/\/lantadilla.ddns.net:81\/lantadilla\/index.php\/lugares\/\">Volver a Lugares<\/a><\/p>\n","protected":false},"excerpt":{"rendered":"<p>El cementerio de Lantadilla se construy\u00f3 en 1949 en los terrenos donados al municipio por los hijos del pueblo Emilio Fern\u00e1ndez y Felisa Garc\u00eda, ante la evidencia de que el antiguo cementerio, situado a la derecha de la Iglesia, no cubr\u00eda las necesidades de espacio del pueblo. El antiguo cementerio estuvo en funcionamiento desde 1833, [&hellip;]<\/p>\n","protected":false},"author":1,"featured_media":0,"parent":0,"menu_order":0,"comment_status":"closed","ping_status":"closed","template":"","meta":{"footnotes":""},"class_list":["post-243","page","type-page","status-publish","hentry"],"_links":{"self":[{"href":"http:\/\/lantadilla.ddns.net\/lantadilla\/index.php\/wp-json\/wp\/v2\/pages\/243","targetHints":{"allow":["GET"]}}],"collection":[{"href":"http:\/\/lantadilla.ddns.net\/lantadilla\/index.php\/wp-json\/wp\/v2\/pages"}],"about":[{"href":"http:\/\/lantadilla.ddns.net\/lantadilla\/index.php\/wp-json\/wp\/v2\/types\/page"}],"author":[{"embeddable":true,"href":"http:\/\/lantadilla.ddns.net\/lantadilla\/index.php\/wp-json\/wp\/v2\/users\/1"}],"replies":[{"embeddable":true,"href":"http:\/\/lantadilla.ddns.net\/lantadilla\/index.php\/wp-json\/wp\/v2\/comments?post=243"}],"version-history":[{"count":4,"href":"http:\/\/lantadilla.ddns.net\/lantadilla\/index.php\/wp-json\/wp\/v2\/pages\/243\/revisions"}],"predecessor-version":[{"id":2371,"href":"http:\/\/lantadilla.ddns.net\/lantadilla\/index.php\/wp-json\/wp\/v2\/pages\/243\/revisions\/2371"}],"wp:attachment":[{"href":"http:\/\/lantadilla.ddns.net\/lantadilla\/index.php\/wp-json\/wp\/v2\/media?parent=243"}],"curies":[{"name":"wp","href":"https:\/\/api.w.org\/{rel}","templated":true}]}}