{"id":341,"date":"2024-11-10T01:44:46","date_gmt":"2024-11-10T00:44:46","guid":{"rendered":"http:\/\/lantadilla.ddns.net:82\/lantadilla\/?page_id=341"},"modified":"2024-11-10T02:27:51","modified_gmt":"2024-11-10T01:27:51","slug":"quinto-libro-de-visitas","status":"publish","type":"page","link":"http:\/\/lantadilla.ddns.net\/lantadilla\/index.php\/quinto-libro-de-visitas\/","title":{"rendered":"Quinto libro de visitas"},"content":{"rendered":"\n<p>(05\/04\/2001 &#8211; 16\/12\/2001)<\/p>\n\n\n\n<div style=\"height:50px\" aria-hidden=\"true\" class=\"wp-block-spacer\"><\/div>\n\n\n\n<p>Nombre : Rafa y Fer<br>D\u00eda y Hora : 05\/04\/01 13:55<br>Tu URL : www.geocities.com\/lantadilla97<br>E-mail : lantadilla@hotmail.com<br>Edad : unos cuantos<br>Desde d\u00f3nde escribes : Madrid<br>C\u00f3mo has llegado a esta p\u00e1gina : Es la nuestra<br>Comentario : Inauguramos unos cuantos cambios en la p\u00e1gina, empezando por la propia direcci\u00f3n y por el libro de visitas, que ha estado alg\u00fan tiempo inactivo debido a cambios en Geocities. Pronto vamos a meter fotos nuevas y alg\u00fan video. Dejaros oir. Un saludo.<\/p>\n\n\n\n<p>Nombre : d..r.s.<br>D\u00eda y Hora : 4-4-01<br>Tu URL :<br>E-mail : sr.anderson@terra.es<br>Edad : alguno mas de 20 y menos de 40<br>Desde d\u00f3nde escribes : un ciber<br>C\u00f3mo has llegado a esta p\u00e1gina : por una amiga<br>Comentario :<\/p>\n\n\n\n<p>Nombre : Alfredo y Maribel<br>D\u00eda y Hora : 16:00 Abril<br>Tu URL :<br>E-mail : alfredogallego@jazzfree.com<br>Edad :<br>Desde d\u00f3nde escribes : Osorno<br>C\u00f3mo has llegado a esta p\u00e1gina : Contactos<br>Comentario : Molan las fotos.<\/p>\n\n\n\n<p>Nombre : Javi Puebla<br>D\u00eda y Hora : 15\/4\/01 a las 10h<br>Tu URL :<br>E-mail :<br>Edad : 21<br>Desde d\u00f3nde escribes : desde clase<br>C\u00f3mo has llegado a esta p\u00e1gina :<br>Comentario : Esta de puta madre,arriba los chivas<\/p>\n\n\n\n<p>Nombre : Maribel<br>D\u00eda y Hora : 17 abril<br>Tu URL :<br>E-mail : a60326@aida.usal.es<br>Edad : 22<br>Desde d\u00f3nde escribes : Santiago de Compostela<br>C\u00f3mo has llegado a esta p\u00e1gina :<br>Comentario : Las fotos son geniales si alguien quiere escribir ah\u00ed est\u00e1 mi correo, soy de Osorno y tengo familia en Lantadilla, aparecen muy guapos en las fotos. Enhorabuena por la p\u00e1gina.<\/p>\n\n\n\n<p>Nombre :<br>D\u00eda y Hora : 21Abril 0120..<br>Tu URL :<br>E-mail :<br>Edad :<br>Desde d\u00f3nde escribes :<br>C\u00f3mo has llegado a esta p\u00e1gina :<br>Comentario :<\/p>\n\n\n\n<p>Nombre : MARTA<br>D\u00eda y Hora : 24\/04\/01<br>Tu URL : eh?eh?. ..bahh!<br>E-mail : No uso<br>Edad : Aun no demasiados<br>Desde d\u00f3nde escribes : Salamanca<br>C\u00f3mo has llegado a esta p\u00e1gina : Rumores infundados de buena gente<br>Comentario : Hola a toda la gente tan fant\u00e1stica de esta \u00abcity\u00bb.Queria mandar un saludo muy especial para toda la pe\u00f1a RESA-K,y a ver si os animais a visitar la p\u00e1gina que est\u00e1 muy bien.Gracias a ella podemos acercarnos un poquito m\u00e1s a nuestro pueblo cuando estamos l<\/p>\n\n\n\n<p>Nombre : Javi (Le\u00f3n)<br>D\u00eda y Hora : 25-4-2001. 9:00<br>Tu URL :<br>E-mail : jrlage@terra.es<br>Edad : uf!<br>Desde d\u00f3nde escribes : Coru\u00f1a<br>C\u00f3mo has llegado a esta p\u00e1gina : como siempre<br>Comentario : Ya era hora que se actualizara algo esta pagina!!!. Aprovecho para saludar a toda esa gente entra\u00f1able lantadillense. Ni que decir tiene que estais todos invitados a Le\u00f3n ,EXCEPTO FER,podeis veniros a Le\u00f3n o a La Coru\u00f1a cuando querais). Saludos especi<\/p>\n\n\n\n<p>Nombre : Javi<br>D\u00eda y Hora : Mas o menos 26 de abril del 2001 a las 9:20<br>Tu URL :<br>E-mail :<br>Edad : 18<br>Desde d\u00f3nde escribes : BILBO<br>C\u00f3mo has llegado a esta p\u00e1gina : El culpable a sido Gonzalo<br>Comentario : Aunque s\u00f3lo he estado una vez, me se todas las historias del pueblo, las andadas del pescabotas, el porque de Jesulin de Lubrique y demas movidas. Y todo gracias a GONZALO que me las ha contado mil y una veces y las que me las contar\u00e1 ( no os quejareis de<\/p>\n\n\n\n<p>Nombre : Javi<br>D\u00eda y Hora : tambien el dia 26 pero cinco minutos mas tarde<br>Tu URL :<br>E-mail :<br>Edad : 19<br>Desde d\u00f3nde escribes : BILBO<br>C\u00f3mo has llegado a esta p\u00e1gina :<br>Comentario : de la propaganda que os hace) . Sin mas un saludo a todos y en especial a la PE\u00d1A RESA-K<\/p>\n\n\n\n<p>Nombre : ALBERTO<br>D\u00eda y Hora : 1- 05- 2001 , 21:00<br>Tu URL :<br>E-mail :<br>Edad : 23<br>Desde d\u00f3nde escribes : DESDE EL ORDENADOR DE, MI NOVIA<br>C\u00f3mo has llegado a esta p\u00e1gina : POR MIS TIOS DEL PUEBLO<br>Comentario : ME PARECE GENIAL LA IDEA DE FOMENTAR EL PUEBLO ATRAVES DE INTERNET, PERO LO MEJOR QUE PUEDE HACER LA GENTE ES IR A VERLO PORQUE NO SABEN LA QUE SE PIERDEN.<\/p>\n\n\n\n<p>Nombre : Ester<br>D\u00eda y Hora : 6\/5\/01 5:55(hora de USA)<br>Tu URL :<br>E-mail :<br>Edad : 15<br>Desde d\u00f3nde escribes : desde Estados Unidos<br>C\u00f3mo has llegado a esta p\u00e1gina : Buscandola en Internet<br>Comentario :<\/p>\n\n\n\n<p>Nombre : Monica y Nuria<br>D\u00eda y Hora : Hoy muy tarde<br>Tu URL : Ni idea de lo que es esto<br>E-mail : Tampoco lo sabemos<br>Edad : Mas jovenes de lo que parece<br>Desde d\u00f3nde escribes : Ciudad Real<br>C\u00f3mo has llegado a esta p\u00e1gina : Gracias a Fer<br>Comentario : Ma\u00f1ana tenemos inauguraci\u00f3n y a Fernando se le ha ocurrido ense\u00f1arnos esta pagina a las 2 de la ma\u00f1ana la verdad es que en el pueblo lo debeis de pasar bastante bien a juzgar por las fotos es probable que si se nos hace una invitaci\u00f3n en firme un d\u00eda de e<\/p>\n\n\n\n<p>Nombre : Juan Jorge Garcia A.<br>D\u00eda y Hora : 17\/5\/2001 22:00<br>Tu URL :<br>E-mail : juanjorge@hotmail.com<br>Edad : 21<br>Desde d\u00f3nde escribes : Guatemala<br>C\u00f3mo has llegado a esta p\u00e1gina : Por mi padre<br>Comentario : La pagina esta muy bonita y que alegra saber que puedo encontra el pueblo de mi padre y recordarlo desde cualquier parte del mundo. Muchas felicitaciones para todos.<\/p>\n\n\n\n<p>Nombre : marga<br>D\u00eda y Hora : sabado 1:20<br>Tu URL :<br>E-mail :<br>Edad : muchos<br>Desde d\u00f3nde escribes : madrid<br>C\u00f3mo has llegado a esta p\u00e1gina :<br>Comentario : \u00bfQu\u00e9 hago yo un sabado por la noche visitando esta pagina? Quiz\u00e1 sea la morri\u00f1a o el aburrimiento. Os ha quedado chula la nueva pagina, aunque sigo insistiendo en que las fotos hay que actualizarlas.<\/p>\n\n\n\n<p>Nombre : Piedad<br>D\u00eda y Hora : 10:30 de junio-2001<br>Tu URL :<br>E-mail : mamapi2r@yahoo.es<br>Edad : mucha\u2026\u2026\u2026.<br>Desde d\u00f3nde escribes : Palencia<br>C\u00f3mo has llegado a esta p\u00e1gina : casi, por casualidad<br>Comentario : Me ha encantado encontrar una pg de mi pueblo en red. ANIMO Y ADELANTE.<\/p>\n\n\n\n<p>Nombre : bittor<br>D\u00eda y Hora : 04\/06\/01<br>Tu URL :<br>E-mail :<br>Edad :<br>Desde d\u00f3nde escribes :<br>C\u00f3mo has llegado a esta p\u00e1gina :<br>Comentario : Saludos Rafa<\/p>\n\n\n\n<p>Nombre : elena<br>D\u00eda y Hora : 13 junio 2001 18:55<br>Tu URL :<br>E-mail : elenarobin@mixmail.com<br>Edad : 21<br>Desde d\u00f3nde escribes : desde la facultad de medicina de Valladolid<br>C\u00f3mo has llegado a esta p\u00e1gina : por medio de Ana Rosa<br>Comentario : como no hay fotos de la gente m\u00e1s joven, no he visto a nadie conocido, pero es interesante.<\/p>\n\n\n\n<p>Nombre : garikoiys olaituolartuabarrena<br>D\u00eda y Hora : 15<br>Tu URL :<br>E-mail : garikois@internet.com<br>Edad : 11<br>Desde d\u00f3nde escribes : de la casa de mis aitites<br>C\u00f3mo has llegado a esta p\u00e1gina : la han dado en misa<br>Comentario : este pueblo es muy bonito.me gusta mucho y me gustaria ir alguna vez.<\/p>\n\n\n\n<p>Nombre : Luisma<br>D\u00eda y Hora : 21 de Junio<br>Tu URL :<br>E-mail :<br>Edad :<br>Desde d\u00f3nde escribes : Madrid<br>C\u00f3mo has llegado a esta p\u00e1gina : Con mucho cuidado porque tengo al jefe cerca!!<br>Comentario : Hooola. Parece que se esta perdiendo esta sana costumbre de dejar, de vez en cuando, un saludillo en la pagina de Lantadilla. A mi ya me toca asi que\u2026 un abrazo para todos. Chao, bacalaos.<\/p>\n\n\n\n<p>Nombre : ferpuebla<br>D\u00eda y Hora : 21-20h<br>Tu URL :<br>E-mail : fernandope@inditex.com<br>Edad : MA\u00d1ANA UNO MAS<br>Desde d\u00f3nde escribes : A Coru\u00f1a<br>C\u00f3mo has llegado a esta p\u00e1gina : Eso !hip\u00a1 digo YO !hip\u00a1<br>Comentario : COMO BIEN DICE LUISMA, ESCRIBIMOS MUY POCO. ESPERO QUE PRONTO CON LOS CAMBIOS EN LA PAGINA ESTO MEJORE. BESOS PARA TODOS. SUERTE.<\/p>\n\n\n\n<p>Nombre : mora<br>D\u00eda y Hora : 24 12:00<br>Tu URL :<br>E-mail :<br>Edad : 23<br>Desde d\u00f3nde escribes : portugalete<br>C\u00f3mo has llegado a esta p\u00e1gina :<br>Comentario : !VIVA LAS FIESTAS TIA PUTA!<\/p>\n\n\n\n<p>Nombre : Luisma<br>D\u00eda y Hora : 29 Junio<br>Tu URL :<br>E-mail : luisma_arranz@usa.net<br>Edad :<br>Desde d\u00f3nde escribes :<br>C\u00f3mo has llegado a esta p\u00e1gina : Bueno, estaba aburridillo en el trabajo porque hoy no tengo mucho que hacer as\u00ed que me he puesto a dar una vueltecilla por la Intern\u00e9s, he contestado a todos los correos que ten\u00eda pendientes y, cuando ya no sab\u00eda qu\u00e9 hacer para distraerme, me he acordado<br>Comentario : Un abrazo.<\/p>\n\n\n\n<p>Nombre : Carolina Ram\u00edrez Lantadilla<br>D\u00eda y Hora : 11-07-01 12:27 am<br>Tu URL :<br>E-mail : caroseba1@latinmail.com<br>Edad : 22 a\u00f1os<br>Desde d\u00f3nde escribes : Chile<br>C\u00f3mo has llegado a esta p\u00e1gina : Por informaci\u00f3n<br>Comentario : Estaba buscando informaci\u00f3n acerca de mi apellido materno, aqui en Chile no es muy com\u00fan, es m\u00e1s somos poquisimos los que compartimos el apellido Lantadilla, algunos no nos concocemos debido, esta es mi teoria, a la p\u00e9rdida de contacto de la primera gener<\/p>\n\n\n\n<p>Nombre : jose luis y el negro<br>D\u00eda y Hora : 24\/07\/2001<br>Tu URL :<br>E-mail : jcastr2001@yahoo.es<br>Edad : 22 y 25<br>Desde d\u00f3nde escribes : desde nuestra casa<br>C\u00f3mo has llegado a esta p\u00e1gina : por que se la oimos a marta<br>Comentario : soys guays,no os murais nunca,esto no hay quien lo pare y un recuerdo al pesca y a sus secuaces.animaros a venir en fiestas.<\/p>\n\n\n\n<p>Nombre : otra vez jose luis y el negro<br>D\u00eda y Hora : un poco mas tarde<br>Tu URL : beis beis<br>E-mail : jcastr2001@yahoo.es<br>Edad : 22 y 25<br>Desde d\u00f3nde escribes : desde casa joder<br>C\u00f3mo has llegado a esta p\u00e1gina : buscando<br>Comentario : VIVA LA PE\u00d1A HAUT-TENSION SOMOS DE LA PE\u00d1A,diego cortate esos pelos,colas haber si te casas de una puta vez,marta nos tenemos que tomar el chisme(negro).pesca ven pa fiestas,paquin no te cojas esas tajadas.ya queda poco para las fiestas ESTO NO HAY QUIEN<\/p>\n\n\n\n<p>Nombre : HAUT TENSION<br>D\u00eda y Hora : A LA MISMA QUE ARRIBA<br>Tu URL : BEIS BEIS<br>E-mail : JCASTR2001@YAHOO.ES<br>Edad : LA DE SIEMPRE<br>Desde d\u00f3nde escribes : DESDE UN ORDENADOR,JE JE<br>C\u00f3mo has llegado a esta p\u00e1gina : HA SALIDO SOLA<br>Comentario : UN SALUDO PARA:diego(pelajos)luisito(piri)jose(abulto)alberto(bortu kill)octavio(flavio)colas(el casao)pesca(pesca)negro(negro)to\u00f1o(latigo blanco gatillo facil)cata(cata)gustavo(.).)y todos los demas borrachos.<\/p>\n\n\n\n<p>Nombre : Alicia Grau Urien<br>D\u00eda y Hora : 25\/07\/01 18,20 h.<br>Tu URL :<br>E-mail : aliciagu@hispavista.com<br>Edad : 59<br>Desde d\u00f3nde escribes : Bilbao<br>C\u00f3mo has llegado a esta p\u00e1gina : Busc\u00e1ndola<br>Comentario : Yo soy sobrina de la antig\u00fca farmacia, y por tanto veraneante durante muchos a\u00f1os en el pueblo. Un beso a Encarnita. Un abrazo a todos.<\/p>\n\n\n\n<p>Nombre : Mariano Cruzado<br>D\u00eda y Hora : 26\/07\/2001<br>Tu URL :<br>E-mail :<br>Edad :<br>Desde d\u00f3nde escribes : Madrid<br>C\u00f3mo has llegado a esta p\u00e1gina : A trav\u00e9s de la Red<br>Comentario : Muy interesante, pero un poco escasa de fotos del pueblo y alrededores.<\/p>\n\n\n\n<p>Nombre : Fernando Puebla<br>D\u00eda y Hora : Tarde del 31 de julio<br>Tu URL :<br>E-mail : fernandope@inditex.com<br>Edad : tanta pregunta\u2026\u2026.<br>Desde d\u00f3nde escribes : A Coru\u00f1a<br>C\u00f3mo has llegado a esta p\u00e1gina :<br>Comentario : Queridos LantadillaHomepageAdictos: Os invito a que proximamente entreis en esta pagina, ya que estamos actualizandola. Asi mismo, y como todos sabreis, la Fiestas ya estan aqui, convocad a todos vuestros amigos y familiares. Nos vemos alli. Besos\u2026.<\/p>\n\n\n\n<p>Nombre : P<br>D\u00eda y Hora : OO<br>Tu URL :<br>E-mail : mamapi2r@yahoo.es<br>Edad : ufffffff<br>Desde d\u00f3nde escribes : Palencia<br>C\u00f3mo has llegado a esta p\u00e1gina : curioseando por ah\u00ed<br>Comentario :<\/p>\n\n\n\n<p>Nombre : Arturo<br>D\u00eda y Hora : 21-8-01<br>Tu URL : no lo se<br>E-mail : no tengo de eso<br>Edad : mas que unos y menos que otros<br>Desde d\u00f3nde escribes : Desde casa de colorra en Madrid<br>C\u00f3mo has llegado a esta p\u00e1gina : Por internet<br>Comentario : Un saludo a todos y solo decir que las fiestas han estado muy bien Chao.<\/p>\n\n\n\n<p>Nombre : El de antes<br>D\u00eda y Hora :<br>Tu URL :<br>E-mail :<br>Edad :<br>Desde d\u00f3nde escribes :<br>C\u00f3mo has llegado a esta p\u00e1gina :<br>Comentario : Solo decir que la chorizada ha sido una mierda y que esto se arregla o al final ni fiestas ni hostias. Pero ya sabemos todos lo que hay no???? venga, un saludete y otra vez chao.<\/p>\n\n\n\n<p>Nombre : Luisma<br>D\u00eda y Hora : 24 Agosto<br>Tu URL :<br>E-mail :<br>Edad :<br>Desde d\u00f3nde escribes : Desde Madrid<br>C\u00f3mo has llegado a esta p\u00e1gina :<br>Comentario : Como me molan las fiestas patronales, son superchachis y son sensacionales. La chorizada\u2026 un \u00e9xito!!! Las pe\u00f1as\u2026 se han salido!!! El chocolate de la Rajapitos\u2026 Cojonudo!!! (El de la groguis no estaba malo tampoco) \u2026los bailes que se ha echado Chu<\/p>\n\n\n\n<p>Nombre : Juanjo L\u00f3pez<br>D\u00eda y Hora : 27\/08\/01 05h<br>Tu URL :<br>E-mail : juanjoloin@terra.es<br>Edad : muchos<br>Desde d\u00f3nde escribes : Santurtzi &#8211; Bizkaia<br>C\u00f3mo has llegado a esta p\u00e1gina : por comentarios de este verano<br>Comentario : Buen trabajo, es una p\u00e1gina realmente buena. Yo tengo familia en Lantadilla, y mi padre es de all\u00ed, aunque nosotros pasamos los veranos en Melgar am\u00ed me tira mas el \u00abpueblo\u00bb, ya que alguna raiz tengo. Un saludo y hasta otra.<\/p>\n\n\n\n<p>Nombre : ANTONIO LUQUE BAENA<br>D\u00eda y Hora : 27-08-2001<br>Tu URL :<br>E-mail :<br>Edad : 50<br>Desde d\u00f3nde escribes : MALAGA<br>C\u00f3mo has llegado a esta p\u00e1gina : CURIOSIDAD<br>Comentario : ES MUY ACEPTABLE EL CONTENIDO DE ESTA PAGINA<\/p>\n\n\n\n<p>Nombre : Pili Ortega Centeno<br>D\u00eda y Hora : 4-9-01 21:30<br>Tu URL :<br>E-mail :<br>Edad : 55<br>Desde d\u00f3nde escribes : Burgos<br>C\u00f3mo has llegado a esta p\u00e1gina : Bucar Lantadilla<br>Comentario : Me parace muy bien que se haya creado esta p\u00e1gina.Anim\u00e1ndoos a seguir ampliando con nuevas informaciones<\/p>\n\n\n\n<p>Nombre : david<br>D\u00eda y Hora :<br>Tu URL :<br>E-mail :<br>Edad :<br>Desde d\u00f3nde escribes : desde mi casa<br>C\u00f3mo has llegado a esta p\u00e1gina : despues de horas de esfuerzo y de una larga busqueda<br>Comentario : podiais poner un link a las p\u00e1ginas de las pe\u00f1as AUNQUE LA MIA Todavia no tiene p\u00e1gina (no por mucho tiempo)<\/p>\n\n\n\n<p>Nombre : M\u00aa Carmen<br>D\u00eda y Hora : 23-09-01<br>Tu URL :<br>E-mail :<br>Edad : ya muchos<br>Desde d\u00f3nde escribes : desde mi PC<br>C\u00f3mo has llegado a esta p\u00e1gina : poco a poco<br>Comentario : ol\u00e9 mi pueblo<\/p>\n\n\n\n<p>Nombre : Ver\u00f3nica Macho<br>D\u00eda y Hora : verano 2001<br>Tu URL :<br>E-mail : pe\u00f1a RAP<br>Edad : 21<br>Desde d\u00f3nde escribes : Boo -Cantabria-<br>C\u00f3mo has llegado a esta p\u00e1gina : andando<br>Comentario : saludo a todos mis compas, ellos ya saben.<\/p>\n\n\n\n<p>Nombre : Javi Mar\u00edn<br>D\u00eda y Hora :<br>Tu URL :<br>E-mail :<br>Edad :<br>Desde d\u00f3nde escribes :<br>C\u00f3mo has llegado a esta p\u00e1gina :<br>Comentario :<\/p>\n\n\n\n<p>Nombre : raquel<br>D\u00eda y Hora : 9octub<br>Tu URL :<br>E-mail : raqueprieto@hotmail.com<br>Edad : estoy hecha una chavalilla<br>Desde d\u00f3nde escribes : gran canaria<br>C\u00f3mo has llegado a esta p\u00e1gina : buscando con paciencia<br>Comentario : me he reido mucho,besotes rq.<\/p>\n\n\n\n<p>Nombre : Sonia<br>D\u00eda y Hora : 11\/10\/01 9:00<br>Tu URL :<br>E-mail : soniagarcia@ibermutuamur.es<br>Edad : 31<br>Desde d\u00f3nde escribes : MADRID<br>C\u00f3mo has llegado a esta p\u00e1gina :<br>Comentario : Enhorabuena chicos, no\u00bbos pod\u00e9is imaginar lo que presumo de nuestro pueblo en el trabajo, no se lo cre\u00edan que ten\u00edamos pag. web, estos no saben como somos, ni se lo imaginan, alg\u00fan d\u00eda lo ver\u00e1n. Muchos besos y hasta pronto. Seguro que nos vemos en algunos<\/p>\n\n\n\n<p>Nombre : charo<br>D\u00eda y Hora : 12-10-01<br>Tu URL :<br>E-mail : charogagallego@teleline.es<br>Edad : -100<br>Desde d\u00f3nde escribes : castrojeriz<br>C\u00f3mo has llegado a esta p\u00e1gina : buscador<br>Comentario : es una pagina way del paraway<\/p>\n\n\n\n<p>Nombre : jessica<br>D\u00eda y Hora : 24\/10\/2001<br>Tu URL : q co\u00f1o es eso?<br>E-mail :<br>Edad : 18<br>Desde d\u00f3nde escribes : portugalete<br>C\u00f3mo has llegado a esta p\u00e1gina :<br>Comentario : que pacha gente de lantadilla,la pagina esta de puta madre me he quedado flipada cuando la he visto no pense que estaba tan bien.mando un saludo para toda la pe\u00f1a resa-k<\/p>\n\n\n\n<p>Nombre : Arturo<br>D\u00eda y Hora : 7-11-01 a las 17:42<br>Tu URL : URL<br>E-mail :<br>Edad : Pocos<br>Desde d\u00f3nde escribes : Desde un ordenador<br>C\u00f3mo has llegado a esta p\u00e1gina : Por internet<br>Comentario : No tengo nada que decir pero como estoy aqu\u00ed pues saludo. nada que este puente el pueblo igual de vacio que siempre. Al final vamos a tener que cerrar el pueblo por insolvencia. forasteros venga traed divisas a Lantadilla que de algo vivimos. (Es bro<\/p>\n\n\n\n<p>Nombre : Coyote<br>D\u00eda y Hora : 07 Nov 01 &#8211; 19:35 H<br>Tu URL : www.Pullbear.com<br>E-mail :<br>Edad : 29<br>Desde d\u00f3nde escribes : casa<br>C\u00f3mo has llegado a esta p\u00e1gina : Nadando<br>Comentario : Gracias a FerPuebla he conocido esta fant\u00e1stica direcci\u00f3n, y he probado un queso cojonudo.<\/p>\n\n\n\n<p>Nombre : Antonio<br>D\u00eda y Hora : viernes 23 de noviembre<br>Tu URL :<br>E-mail :<br>Edad :<br>Desde d\u00f3nde escribes : Madrid<br>C\u00f3mo has llegado a esta p\u00e1gina :<br>Comentario : Un beso muy grande para Susy<\/p>\n\n\n\n<p>Nombre : RAUL<br>D\u00eda y Hora : 15 12 2001 09:30<br>Tu URL :<br>E-mail : ROCKANRAUL@EUSKALNET.NET<br>Edad : 40<br>Desde d\u00f3nde escribes : BILBAO<br>C\u00f3mo has llegado a esta p\u00e1gina : EN METRO<br>Comentario : TAN LEJOS Y TAN CERCA. EL ROCK NO HA MUERTO. POR SUERTE. UN SALUDO.<\/p>\n\n\n\n<p>Nombre : Rajapitos<br>D\u00eda y Hora : 16\/12\/2001<br>Tu URL : www.geocitites.com\/rajapitos<br>E-mail : rajapitos@yahoo.es<br>Edad :<br>Desde d\u00f3nde escribes : Desde la pe\u00f1a rajapitos<br>C\u00f3mo has llegado a esta p\u00e1gina :<br>Comentario : \u2026ya podeis visitar a los rajapitos en www.geocities.com\/rajapitos<\/p>\n\n\n\n<p><\/p>\n\n\n\n<p><\/p>\n\n\n\n<p><\/p>\n\n\n\n<p><\/p>\n\n\n\n<p><\/p>\n\n\n\n<p><\/p>\n","protected":false},"excerpt":{"rendered":"<p>(05\/04\/2001 &#8211; 16\/12\/2001) Nombre : Rafa y FerD\u00eda y Hora : 05\/04\/01 13:55Tu URL : www.geocities.com\/lantadilla97E-mail : lantadilla@hotmail.comEdad : unos cuantosDesde d\u00f3nde escribes : MadridC\u00f3mo has llegado a esta p\u00e1gina : Es la nuestraComentario : Inauguramos unos cuantos cambios en la p\u00e1gina, empezando por la propia direcci\u00f3n y por el libro de visitas, que ha [&hellip;]<\/p>\n","protected":false},"author":1,"featured_media":0,"parent":0,"menu_order":0,"comment_status":"closed","ping_status":"closed","template":"","meta":{"footnotes":""},"class_list":["post-341","page","type-page","status-publish","hentry"],"_links":{"self":[{"href":"http:\/\/lantadilla.ddns.net\/lantadilla\/index.php\/wp-json\/wp\/v2\/pages\/341","targetHints":{"allow":["GET"]}}],"collection":[{"href":"http:\/\/lantadilla.ddns.net\/lantadilla\/index.php\/wp-json\/wp\/v2\/pages"}],"about":[{"href":"http:\/\/lantadilla.ddns.net\/lantadilla\/index.php\/wp-json\/wp\/v2\/types\/page"}],"author":[{"embeddable":true,"href":"http:\/\/lantadilla.ddns.net\/lantadilla\/index.php\/wp-json\/wp\/v2\/users\/1"}],"replies":[{"embeddable":true,"href":"http:\/\/lantadilla.ddns.net\/lantadilla\/index.php\/wp-json\/wp\/v2\/comments?post=341"}],"version-history":[{"count":3,"href":"http:\/\/lantadilla.ddns.net\/lantadilla\/index.php\/wp-json\/wp\/v2\/pages\/341\/revisions"}],"predecessor-version":[{"id":346,"href":"http:\/\/lantadilla.ddns.net\/lantadilla\/index.php\/wp-json\/wp\/v2\/pages\/341\/revisions\/346"}],"wp:attachment":[{"href":"http:\/\/lantadilla.ddns.net\/lantadilla\/index.php\/wp-json\/wp\/v2\/media?parent=341"}],"curies":[{"name":"wp","href":"https:\/\/api.w.org\/{rel}","templated":true}]}}