{"id":367,"date":"2024-11-10T03:26:01","date_gmt":"2024-11-10T02:26:01","guid":{"rendered":"http:\/\/lantadilla.ddns.net:82\/lantadilla\/?page_id=367"},"modified":"2024-11-10T03:26:01","modified_gmt":"2024-11-10T02:26:01","slug":"duodecimo-libro-de-visitas","status":"publish","type":"page","link":"http:\/\/lantadilla.ddns.net\/lantadilla\/index.php\/duodecimo-libro-de-visitas\/","title":{"rendered":"Duod\u00e9cimo libro de visitas"},"content":{"rendered":"\n<p>(05\/02\/2007 &#8211; 25\/06\/2008)<\/p>\n\n\n\n<div style=\"height:50px\" aria-hidden=\"true\" class=\"wp-block-spacer\"><\/div>\n\n\n\n<p>Sergio Luis Puebla<br>Enviado el Wednesday, 25 de June de 2008 a las 03:50<br>Mozilla\/5.0 (Windows; U; Windows NT 5.1; es-AR; rv:1.8.1.11) Gecko\/20071127 Firefox\/2.0.0.11<br>Desde C\u00f3rdoba, Argentina les mando un saludo toda la gente de Lantadilla, tierra de mi bisabuelo.<br>Muy interesante y completa pag web.<br>Saludos Rafa, estamos en contacto.<\/p>\n\n\n\n<p>Esther<br>Enviado el Monday, 16 de June de 2008 a las 08:12<br>Mozilla\/4.0 (compatible; MSIE 6.0; Windows NT 5.1; SV1; EJGVNET; InfoPath.1)<br>Hac\u00eda mucho que no curioseaba la web de Lantadilla y lo bien que ha quedado, aunque yo no consigo ver los v\u00eddeos. ENHORABUENA Rafa y Fer y saludos camotones.<\/p>\n\n\n\n<p>Rodrigo Lantadilla<br>Enviado el Wednesday, 28 de May de 2008 a las 03:56<br>Mozilla\/4.0 (compatible; MSIE 7.0; Windows NT 5.1; .NET CLR 1.1.4322; .NET CLR 2.0.50727; WinuE v6; WinuE v6)<br>Saludos, muy linda esta la pagina.<br>Vi\u00f1a del Mar<br>Chile<\/p>\n\n\n\n<p>Nueva Esperanza<br>Enviado el Tuesday, 20 de May de 2008 a las 14:33<br>Mozilla\/4.0 (compatible; MSIE 7.0; Windows NT 5.1; .NET CLR 1.1.4322; .NET CLR 2.0.50727; .NET CLR 3.0.04506.30; .NET CLR 3.0.04506.648)<br>Muchos \u00e9xitos para la nueva alcaldesa de Lantadilla, pero lo m\u00e1s importante, que vuelva la paz y la buena convivencia de anta\u00f1o, de momento ya ha mejorado mucho desde que se ha esfumado S.L.<\/p>\n\n\n\n<p>Arturo<br>Enviado el Sunday, 18 de May de 2008 a las 00:24<br>Mozilla\/4.0 (compatible; MSIE 7.0; Windows NT 6.0; SLCC1; .NET CLR 2.0.50727; .NET CLR 3.0.04506; InfoPath.1)<br>Muy chula la nueva p\u00e1gina. Aver si nos vemos pronto por el pueblo.<br>Un saludo.<\/p>\n\n\n\n<p>que mas da<br>Enviado el Tuesday, 13 de May de 2008 a las 23:43<br>Mozilla\/4.0 (compatible; MSIE 7.0; Windows NT 5.1; .NET CLR 1.1.4322; .NET CLR 2.0.50727; .NET CLR 3.0.04506.30; .NET CLR 3.0.04506.648)<br>Novedades del pueblo:<br>El alcalde ha dimitido la semana pasada, eso nos da una idea de lo que ha suceddido la legislatura anterior\u2026<br>Todos esperamos tiempos mejores para la convivencia en Lantadilla, ya ha mejorado bastante, no todo es ladrillo y cemento, est\u00e1 lo m\u00e1s importante el factor humano.<\/p>\n\n\n\n<p>feli<br>Enviado el Saturday, 10 de May de 2008 a las 19:06<br>Mozilla\/4.0 (compatible; MSIE 6.0; Windows NT 5.1; SV1; Mozilla\/4.0 (compatible; MSIE 6.0; Windows NT 5.1; SV1) ; .NET CLR 2.0.50727)<br>uy,uy, uy, a ti me parece que te conozco yo, pues te dire que el pueblo esta precioso y tienes que pasarte a verlo, y quedarte unos dias que seguro que ves a un monton de gente que se alegrara de la visita.Besotes guapa<\/p>\n\n\n\n<p>Mari Padilla<br>Enviado el Saturday, 10 de May de 2008 a las 09:10<br>Mozilla\/5.0 (Windows; U; Windows NT 6.0; de; rv:1.8.1.6) Gecko\/20070725 Firefox\/2.0.0.6<br>Soy una lantadillense residente en suiza.y.aunque llevo muchos.anos fuera del pueblo llevo a lantadilla en mi coraz\u00f6n .un saludo atodos los lantadillenses. especialmente ala senora gabina y familia.<\/p>\n\n\n\n<p>Enviado el Friday, 09 de May de 2008 a las 09:56<br>Mozilla\/4.0 (compatible; MSIE 6.0; Windows NT 5.1; SV1; Mozilla\/4.0 (compatible; MSIE 6.0; Windows NT 5.1; SV1) ; .NET CLR 2.0.50727)<br>falta poco para el veranito, lantadilla preparate que vamos a invadir, y pasarlo muy bien, descansar y disfrutar,<br>Saludos desde Oviedo<\/p>\n\n\n\n<p>Enviado el Monday, 14 de April de 2008 a las 15:00<br>Mozilla\/4.0 (compatible; MSIE 7.0; Windows NT 5.1; .NET CLR 1.1.4322; .NET CLR 2.0.50727; .NET CLR 3.0.04506.30; .NET CLR 3.0.04506.648)<br>Manuela he leido tu correo, dime como se llama tu suegra, si es de Lantadilla, si vivi\u00f3 all\u00ed alg\u00fan tiempo, tu suegra es del tiempo de mi madre, quiz\u00e1 sabe algo. Un saludo.<\/p>\n\n\n\n<p>Yo y mis circunstancias<br>Enviado el Monday, 14 de April de 2008 a las 14:52<br>Mozilla\/4.0 (compatible; MSIE 7.0; Windows NT 5.1; .NET CLR 1.1.4322; .NET CLR 2.0.50727; .NET CLR 3.0.04506.30; .NET CLR 3.0.04506.648)<br>Hola a todos\/as, me gustaria saber que hay por el pueblo, qu\u00e9 est\u00e1 haciendo los componentes del Ayuntamiento, qu\u00e9 proyectos hay a la vista etc.<\/p>\n\n\n\n<p>Rafa<br>Enviado el Friday, 04 de April de 2008 a las 19:22<br>Mozilla\/5.0 (Windows; U; Windows NT 5.1; es-ES; rv:1.8.1.4) Gecko\/20070515 Firefox\/2.0.0&gt;4<br>Un saludos para todos los lantadillenses desde Buenos Aires!!!<\/p>\n\n\n\n<p>Feli<br>Enviado el Monday, 18 de February de 2008 a las 17:12<br>Mozilla\/4.0 (compatible; MSIE 6.0; Windows NT 5.1; SV1; .NET CLR 2.0.50727)<br>Hola, soy nieta del tio puchas y de la s\u00aa Carmen,mis padres tienen en lantadilla una peque\u00f1a morada que visito muy de vez en cuando,menos de lo que me gustaria,guardo muy buenos recuerdos de los veranos de mi ni\u00f1ez y adolescencia,y en oi coraz\u00f3n a gente estupenda,en especial la Gabina que siempre me recibe con mucho cari\u00f1o.Si crees que me conoces y te apetece retomar contacto dejame un sms,prometo contestar,un abrazo a todos.<\/p>\n\n\n\n<p>sonia<br>Enviado el Friday, 15 de February de 2008 a las 20:06<br>Mozilla\/4.0 (compatible; MSIE 7.0; Windows NT 5.1; MSN Optimized;ES; MSN Optimized;ES)<br>es un pueblo con un encanto especial, mis abuelos Asunci\u00f3n y Virgilio nacieron y vivieron all\u00ed.iba mucho x all\u00ed,sin embargo aquello se ha quedaddo muy vacio para m\u00ed aunque le tengo mucho cari\u00f1o a ese pueblo<\/p>\n\n\n\n<p>silvano<br>Enviado el Tuesday, 01 de January de 2008 a las 19:49<br>Mozilla\/4.0 (compatible; MSIE 6.0; Windows NT 5.1; SV1; InfoPath.1)<br>FELIZ NAVIDAD Y UN PR\u00d3SPERO 2008 A TODOS Y TODAS LANTADILLENSES.<\/p>\n\n\n\n<p>Silvano Lantada Garc\u00eda<br>Enviado el Thursday, 13 de December de 2007 a las 17:10<br>Mozilla\/4.0 (compatible; MSIE 6.0; Windows NT 5.1; SV1; InfoPath.1)<br>Manuela, para mejor conocer la historia de Jesusa Mojado, mejor nos dices el nombre y apellidos de tu suegra de 80 a\u00f1os y al ser hija de Jesusa acaso se averigua algo.Date cuenta que los 150 a\u00f1os est\u00e1n muy lejos y en el pueblo qui\u00e9n maneja \u00e9stas cosas de la inform\u00e1tica es gente joven, en general.Un saludo cordial.<\/p>\n\n\n\n<p>Diana<br>Enviado el Tuesday, 11 de December de 2007 a las 10:45<br>Mozilla\/4.0 (compatible; MSIE 6.0; Windows NT 5.1; SV1)<br>Hoy mi abuela hubiera cumplido a\u00f1os\u2026 No s\u00e9 ni cuantos\u2026 Y era de Lantadilla, de hecho se apellidaba Lantada. (Y yo como 4\u00baapellido, claro)<br>La p\u00e1gina est\u00e1 muy bien. Molar\u00eda poner a mejor resoluci\u00f3n las fotos. Un abrazo\u2026<\/p>\n\n\n\n<p>manuela<br>Enviado el Sunday, 09 de December de 2007 a las 20:11<br>Mozilla\/5.0 (Windows; U; Windows NT 5.1; es-ES; rv:1.8.1.11) Gecko\/20071127 Firefox\/2.0.0.11<br>Hola, soy Manuela de Madrid,y estoy buscando alguna informacion de una se\u00f1ora que vivio alli hace unos 150 a\u00f1os o mas, se llamaba Jesusa Mojado,es la madre de mi suegra que tiene 80 a\u00f1os y le haria mucha ilusion tener alguna noticia de ella o si quedan familiares.Este verano tengo pensado llevarla a conocer el pueblo y gracias a tu pagina(por cierto muy buena y completa)la voy preparando para la sorpresa.Un saludo<\/p>\n\n\n\n<p>Qu\u00e9 mas da.<br>Enviado el Thursday, 06 de December de 2007 a las 00:58<br>Mozilla\/4.0 (compatible; MSIE 6.0; Windows NT 5.1; SV1; .NET CLR 1.1.4322; .NET CLR 2.0.50727)<br>Gracias por el trabajo de la nueva p\u00e1gina.<br>Por cierto que est\u00e1 haciendo la nueva corporaci\u00f3n municipal? qu\u00e9 proyectos nuevos hay? he oido algo\u2026<\/p>\n\n\n\n<p>Josep<br>Enviado el Saturday, 10 de November de 2007 a las 17:00<br>Mozilla\/4.0 (compatible; MSIE 6.0; Windows NT 5.1; SV1; .NET CLR 1.1.4322)<br>Pas\u00e9 por Lantadilla demasiado aprisa. Felicidades por esta magn\u00edfica p\u00e1gina, tan completa, ya que me ha permitido conoceros mucho mejor.<\/p>\n\n\n\n<p>Henry Lantadilla Sandoval<br>Enviado el Saturday, 06 de October de 2007 a las 08:24<br>Mozilla\/4.0 (compatible; MSIE 6.0; Windows NT 5.1; SV1; YPC 3.2.0; .NET CLR 2.0.50727; .NET CLR 3.0.04506.30; Windows-Media-Player\/10.00.00.3990; yplus 5.1.04b)<br>Soy de Chile y me gusta el sitio y entre a el porque tengo mucha curiosidad de saber quien o quienes fueron los que llevaron este lindo apellido al Nuevo Mundo. Mi padre se llamaba Luis Enrique Lantadilla Garcia y mi abuelo paterno: Roberto Lantadilla Rivas. Me encantaria saber mas de mis origenes. Gracias de antemano.<\/p>\n\n\n\n<p>Rafa<br>Enviado el Wednesday, 03 de October de 2007 a las 11:40<br>Mozilla\/5.0 (Windows; U; Windows NT 5.1; es-ES; rv:1.8.1.4) Gecko\/20070515 Firefox\/2.0.0.4<br>Sebas, si tienes esas fotos a mano, m\u00e1ndanoslas a nuestra direcci\u00f3n de correo lantadilla@hotmail.com. Gracias y un saludo!<\/p>\n\n\n\n<p>sebas<br>Enviado el Friday, 07 de September de 2007 a las 09:24<br>Mozilla\/4.0 (compatible; MSIE 6.0; Windows NT 5.1; SV1; .NET CLR 1.1.4322; .NET CLR 2.0.50727)<br>hola rafa tengo fotos del pueblo sacadas desde el campanario si te interesa verlas me dices saludos sebas<\/p>\n\n\n\n<p>sebas<br>Enviado el Friday, 07 de September de 2007 a las 09:22<br>Mozilla\/4.0 (compatible; MSIE 6.0; Windows NT 5.1; SV1; .NET CLR 1.1.4322; .NET CLR 2.0.50727)<br>hola a todos ls lantadilleses estado este a\u00f1o en fiestas y me lo e pasado muy bien saludos a todos mis amig@s del `puchero el (cabezudo)<\/p>\n\n\n\n<p>Enhorabuena<br>Enviado el Monday, 20 de August de 2007 a las 16:52<br>Mozilla\/4.0 (compatible; MSIE 6.0; Windows NT 5.1; SV1)<br>Enhorabuena por vuestra p\u00e1gina Web. Fernando y Rafa soys unos \u00abcracks\u00bb de las NNTT. \u00a1\u00a1\u00a1Lantadilla existe!!!.<br>Luisa Carret\u00f3n<\/p>\n\n\n\n<p>Pedro<br>Enviado el Friday, 17 de August de 2007 a las 10:01<br>Mozilla\/4.0 (compatible; MSIE 6.0; Windows NT 5.1; SV1; .NET CLR 1.0.3705; .NET CLR 1.1.4322; .NET CLR 2.0.50727; InfoPath.1)<br>Cu\u00f1aaao, muy bien la g\u00fcebs. Much\u00edsimo mejor que la anterior, tanto en presentaci\u00f3n como en navegabilidad<br>Saludos a todos los lantadillenses<\/p>\n\n\n\n<p>sandrista<br>Enviado el Sunday, 12 de August de 2007 a las 19:12<br>Mozilla\/5.0 (Windows; U; Windows NT 5.1; es-ES; rv:1.8.1.6) Gecko\/20070725 Firefox\/2.0.0.6<br>Olaaa!<br>Espero q tngais tods unas wenas fiestas\u2026Yo es el 2\u00ba a\u00f1o consecutivo q no puedo irrrr jops!<br>Otr a\u00f1o ser\u00e1<br>Bsines a tods<\/p>\n\n\n\n<p>Silvano Lantada Garc\u00eda<br>Enviado el Wednesday, 01 de August de 2007 a las 19:15<br>Mozilla\/4.0 (compatible; MSIE 6.0; Windows NT 5.1; SV1)<br>Rafa, te ha salido una p\u00e1gina impresionante. Enhorabuena. De \u00e9sta manera nos informamos y comunicamos todos los LANTADILLENSES. Gracias y un saludo cordial.<\/p>\n\n\n\n<p>Rafa<br>Enviado el Monday, 05 de February de 2007 a las 00:47<br>Mozilla\/5.0 (Windows; U; Windows NT 5.1; es-ES; rv:1.7.8) Gecko\/20050511 Firefox\/1.0.4<br>Saludos a todos, espero que os guste la nueva p\u00e1gina de Lantadilla. Hasta pronto.<\/p>\n","protected":false},"excerpt":{"rendered":"<p>(05\/02\/2007 &#8211; 25\/06\/2008) Sergio Luis PueblaEnviado el Wednesday, 25 de June de 2008 a las 03:50Mozilla\/5.0 (Windows; U; Windows NT 5.1; es-AR; rv:1.8.1.11) Gecko\/20071127 Firefox\/2.0.0.11Desde C\u00f3rdoba, Argentina les mando un saludo toda la gente de Lantadilla, tierra de mi bisabuelo.Muy interesante y completa pag web.Saludos Rafa, estamos en contacto. EstherEnviado el Monday, 16 de June [&hellip;]<\/p>\n","protected":false},"author":1,"featured_media":0,"parent":0,"menu_order":0,"comment_status":"closed","ping_status":"closed","template":"","meta":{"footnotes":""},"class_list":["post-367","page","type-page","status-publish","hentry"],"_links":{"self":[{"href":"http:\/\/lantadilla.ddns.net\/lantadilla\/index.php\/wp-json\/wp\/v2\/pages\/367","targetHints":{"allow":["GET"]}}],"collection":[{"href":"http:\/\/lantadilla.ddns.net\/lantadilla\/index.php\/wp-json\/wp\/v2\/pages"}],"about":[{"href":"http:\/\/lantadilla.ddns.net\/lantadilla\/index.php\/wp-json\/wp\/v2\/types\/page"}],"author":[{"embeddable":true,"href":"http:\/\/lantadilla.ddns.net\/lantadilla\/index.php\/wp-json\/wp\/v2\/users\/1"}],"replies":[{"embeddable":true,"href":"http:\/\/lantadilla.ddns.net\/lantadilla\/index.php\/wp-json\/wp\/v2\/comments?post=367"}],"version-history":[{"count":1,"href":"http:\/\/lantadilla.ddns.net\/lantadilla\/index.php\/wp-json\/wp\/v2\/pages\/367\/revisions"}],"predecessor-version":[{"id":369,"href":"http:\/\/lantadilla.ddns.net\/lantadilla\/index.php\/wp-json\/wp\/v2\/pages\/367\/revisions\/369"}],"wp:attachment":[{"href":"http:\/\/lantadilla.ddns.net\/lantadilla\/index.php\/wp-json\/wp\/v2\/media?parent=367"}],"curies":[{"name":"wp","href":"https:\/\/api.w.org\/{rel}","templated":true}]}}