{"id":38,"date":"2024-10-13T18:48:30","date_gmt":"2024-10-13T16:48:30","guid":{"rendered":"http:\/\/lantadilla.ddns.net:82\/lantadilla\/?page_id=38"},"modified":"2025-12-28T17:04:06","modified_gmt":"2025-12-28T16:04:06","slug":"historia","status":"publish","type":"page","link":"http:\/\/lantadilla.ddns.net\/lantadilla\/index.php\/historia\/","title":{"rendered":"Historia"},"content":{"rendered":"\n<p>Para conocer la historia de Lantadilla hay que remontarse a sus or\u00edgenes, seg\u00fan los cuales, lo que hoy es el t\u00e9rmino municipal de Lantadilla habr\u00eda estado formado antiguamente por dos villas, Lantada y Lantadilla, y tres barrios, San Pedro, Santa Cecilia y Fuentepi\u00f1el.<\/p>\n\n\n\n<figure class=\"wp-block-image size-large is-resized\"><img decoding=\"async\" src=\"http:\/\/lantadilla.ddns.net\/lantadilla\/wp-content\/uploads\/2025\/12\/rpaisaje.jpg\" alt=\"Paisaje de Lantadilla\" style=\"width:663px;height:auto\"\/><\/figure>\n\n\n\n<p>La primera poblaci\u00f3n que se fund\u00f3 en esta zona fue Lantada, cuyo nombre fue evolucionando a lo largo de la historia seg\u00fan se puede encontrar en documentos de distintas \u00e9pocas, pasando por las denominaciones de Plantaca, Plantada, Llantada y Lantada.<\/p>\n\n\n\n<p>La existencia de Lantada se remonta a los tiempos de los romanos, y se ubicaba a orillas del rio Pisuerga, en una zona que los historiadores han denominado como \u00abAntiguos Campos G\u00f3ticos\u00bb. Durante alg\u00fan tiempo fue l\u00edmite de los reinos de Castilla y Le\u00f3n, circunstancia \u00e9sta que influy\u00f3 decisivamente en el fin de dicha villa, debido a las luchas fratricidas entre reyes castellano y leon\u00e9s que all\u00ed tuvieron lugar.<\/p>\n\n\n\n<figure class=\"wp-block-image size-large is-resized\"><img decoding=\"async\" src=\"http:\/\/lantadilla.ddns.net\/lantadilla\/wp-content\/uploads\/2025\/12\/rrio.jpg\" alt=\"Vista del r\u00edo\" style=\"width:663px;height:auto\"\/><\/figure>\n\n\n\n<p>Fue concretamente el mi\u00e9rcoles 19 de Julio de 1068 cuando el rey Don Sancho de Castilla derrot\u00f3 a su hermano, el rey Alfonso de Le\u00f3n, en la batalla que se llev\u00f3 a cabo en Lantada, lo que hizo que su poblaci\u00f3n, junto con la de otros tres poblados, tuviesen que huir a Lantadilla, poblaci\u00f3n de menor tama\u00f1o e importancia, que se hab\u00eda desarrollado al abrigo de Lantada, y que sirvi\u00f3 de refugio en esta huida, gracias a los subterr\u00e1neos que pose\u00eda y a\u00fan existen, pero que est\u00e1n sin investigar.<\/p>\n\n\n\n<p>De esta manera Lantadilla se convirti\u00f3 en heredera natural de Lantada, una de las poblaciones m\u00e1s importantes de la \u00e9poca en esta zona, y por lo tanto de toda su gloria e historia. A partir de entonces, Lantadilla se desarroll\u00f3 y creci\u00f3 gracias al asentamiento de estos nuevos vecinos que decidieron quedarse y construir sus nuevas viviendas en Lantadilla.<\/p>\n\n\n\n<figure class=\"wp-block-image size-large is-resized\"><img decoding=\"async\" src=\"http:\/\/lantadilla.ddns.net\/lantadilla\/wp-content\/uploads\/2025\/12\/rvista.jpg\" alt=\"Vista desde las bodegas\" style=\"width:663px;height:auto\"\/><\/figure>\n\n\n\n<p>Un a\u00f1o antes de estos acontecimientos, en el a\u00f1o 1067, Lantadilla fue el lugar elegido para llevar a cabo uno de los acontecimientos m\u00e1s importantes de su historia, la realizaci\u00f3n del Concilio de Lantadilla. En dicho concilio, la Iglesia espa\u00f1ola tom\u00f3 decisiones acerca del mantenimiento o supresi\u00f3n del rito moz\u00e1rabe frente al romano.<\/p>\n\n\n\n<p>El elemento arquitect\u00f3nico de mayor relevancia en el pueblo es, sin lugar a dudas, la iglesia de la Asunci\u00f3n. Fue construida a partir de un antiguo templo, obra del rey Godo Theodoredo, que databa de alrededor del a\u00f1o 440. El edificio actual ha sido construido en tres etapas y \u00e9pocas diferentes, si bien la parte principal y m\u00e1s importante data del \u00faltimo tercio del siglo XVI.<\/p>\n\n\n\n<p>Otro momento importante en la historia de Lantadilla es el que va del a\u00f1o 1589 al 1591, debido a los fuertes pedriscos que arrasaron las cosechas de esos a\u00f1os, lo que hizo que mucha gente tuviese que emigrar debido a la mala situaci\u00f3n econ\u00f3mica en la que qued\u00f3 el pueblo, y los que no emigraron se dirigieron al rey Felipe II para que les liberase de las cargas fiscales a las que se ve\u00edan sometidos y a las que no pod\u00edan hacer frente, petici\u00f3n que fue atendida.<\/p>\n\n\n\n<figure class=\"wp-block-image size-large is-resized\"><img decoding=\"async\" src=\"http:\/\/lantadilla.ddns.net\/lantadilla\/wp-content\/uploads\/2025\/12\/rantplz1.jpg\" alt=\"Antigua plaza\" style=\"width:663px;height:auto\"\/><\/figure>\n\n\n\n<p>De los a\u00f1os 1751 y 1752 se conservan sendos catastros en los que se recogen las propiedades de las instituciones y vecinos de Lantadilla. Tambi\u00e9n se conserva del a\u00f1o 1847 una menci\u00f3n a Lantadilla en el \u00abDiccionario Geogr\u00e1fico Estad\u00edstico Hist\u00f3rico\u00bb, en el que se hace una descripci\u00f3n a grandes rasgos de lo que era la villa en aquel momento. Por \u00faltimo, se conservan en el Archivo Parroquial desde el a\u00f1o 1861 m\u00e1s de 100 vol\u00famenes en los que se recogen bautizos, confirmaciones, bodas, defunciones, etc&#8230; que datan incluso del a\u00f1o 1549.<\/p>\n\n\n<div class=\"wp-block-image\">\n<figure class=\"aligncenter size-large\"><img decoding=\"async\" src=\"http:\/\/lantadilla.ddns.net\/lantadilla\/wp-content\/uploads\/2024\/10\/Escudo-1.jpg\" alt=\"\"\/><\/figure>\n<\/div>\n\n\n<p>Lantadilla posee desde hace siglos su propio escudo, el cual es cortado. En la parte superior, la primera mitad es de gules con una torre o castillo de piedra, mientas que la segunda parte es de oro con un \u00e1rbol de sinople que est\u00e1 acompa\u00f1ado de cuatro roeles de gules. En cuanto a la parte inferior, es de plata con dos lobos de sable, andantes y puestos en palo. A la derecha podemos ver una imagen del escudo.<\/p>\n\n\n\n<p>Por fin llegamos al siglo XX, sin lugar a dudas aquel en el que Lantadilla ha experimentado los cambios m\u00e1s relevantes de su historia, hasta llegar a nuestros d\u00edas. Dentro de este siglo podr\u00edamos distinguir tres etapas, una primera hasta el a\u00f1o 1950, una segunda hasta la d\u00e9cada de los 70, y una tercera hasta nuestros d\u00edas.<\/p>\n\n\n\n<figure class=\"wp-block-image size-large is-resized\"><img decoding=\"async\" src=\"http:\/\/lantadilla.ddns.net\/lantadilla\/wp-content\/uploads\/2025\/12\/rcalle.jpg\" alt=\"Calle hacia la iglesia\" style=\"width:663px;height:auto\"\/><\/figure>\n\n\n\n<p>La primera estuvo marcada por un estilo de vida que se basaba en cubrir las necesidades b\u00e1sicas, subsistir. El progreso se traduc\u00eda en hechos como la llegada de la energ\u00eda el\u00e9ctrica y la radio, o los avances en el campo con la incorporaci\u00f3n de la primera maquinaria. Fueron los a\u00f1os de la guerra civil y tambi\u00e9n en los que el pueblo alcanz\u00f3 su mayor volumen de poblaci\u00f3n: 1250 habitantes.<\/p>\n\n\n\n<p>La segunda etapa es aquella en la que se producen los hechos de mayor transcendencia y que m\u00e1s han influido en el devenir de Lantadilla en su historia. En la d\u00e9cada de los 50 tuvo lugar el fen\u00f3meno de la emigraci\u00f3n, muchos lantadillenses salieron del pueblo hacia grandes urbes, las cuales ofrec\u00edan trabajo y otras comodidades. El \u00e9xodo estuvo dirigido mayoritariamente hacia Euskadi, y en menor medida hacia Barcelona, Madrid, Valladolid, el extranjero, etc&#8230; Este descenso de la poblaci\u00f3n provoc\u00f3 un aumento de los recursos del pueblo para los que se quedaban. Fueron los a\u00f1os del plan Marshall, de la llegada de la televisi\u00f3n, de la construcci\u00f3n del Canal del Pisuerga, de la concentraci\u00f3n parcelaria, de los primeros asfaltados de carreteras, de el establecimiento de la l\u00ednea de autobuses \u00abLa Combinada\u00bb, etc&#8230;<\/p>\n\n\n\n<figure class=\"wp-block-image size-large is-resized\"><img decoding=\"async\" src=\"http:\/\/lantadilla.ddns.net\/lantadilla\/wp-content\/uploads\/2025\/12\/rcreal.jpg\" alt=\"Calle Real\" style=\"width:663px;height:auto\"\/><\/figure>\n\n\n\n<p>La tercera etapa abarca las d\u00e9cadas de los 70, 80 y lo que va de 90, y se caracteriza porque en ella tienen lugar acontecimientos que denotan una sensible mejora del nivel de vida de los lantadillenses. Por una parte, cubiertas las necesidades b\u00e1sicas, las inquietudes son otras, se pone m\u00e1s inter\u00e9s en las facetas cultural y l\u00fadica, a la vez que los avances t\u00e9cnicos facilitan cada vez m\u00e1s la vida y el trabajo. Comienza la democracia, se reduce la emigraci\u00f3n, llega la pavimentaci\u00f3n de las calles, el agua corriente, el tel\u00e9fono, los electrodom\u00e9sticos, la maquinaria pesada para las labores del campo, los silos, etc&#8230;, y m\u00e1s recientemente el polideportivo, la ermita nueva, la caja de ahorros, el ayuntamiento, la piscina, el hogar del anciano, m\u00e1s bares, casas de nueva construcci\u00f3n, y un largo etc\u00e9tera.<\/p>\n\n\n\n<p>En los \u00faltimos tiempos, la vida en Lantadilla est\u00e1 siendo dinamizada por distintas actividades religioso-culturales de tipo voluntario. As\u00ed, han ido surgiendo la \u00abAsociaci\u00f3n de Mujeres\u00bb (ciertamente muy activa), la \u00abAsociaci\u00f3n Cultural Lantada\u00bb, la \u00abAsociaci\u00f3n de Ancianos\u00bb, el \u00abGrupo de Teatro\u00bb, el \u00abGrupo de Visitadoras de Ancianos\u00bb, y por no alargarnos m\u00e1s, el \u00abGrupo de Restauraci\u00f3n\u00bb, que ha realizado un espl\u00e9ndido y eficaz trabajo de conservaci\u00f3n y restauraci\u00f3n de todas las piezas art\u00edsticas del templo parroquial.<\/p>\n\n\n\n<p>Menci\u00f3n especial dentro de la cultura lantadillense merece la revista \u00abLantada\u00bb, creada y mantenida por el p\u00e1rroco Mederico Vicente, con la prol\u00edfica colaboraci\u00f3n de numerosos hijos de Lantadilla. Esta revista aparece mensualmente desde Marzo de 1976 y se distribuye por todos los rincones del mundo para llegar a todos aquellos lantadillenses que quieren seguir sinti\u00e9ndose cerca del pueblo. Gracias a ello, se empez\u00f3 el siglo XXI con el ejemplar n\u00famero 300.<\/p>\n","protected":false},"excerpt":{"rendered":"<p>Para conocer la historia de Lantadilla hay que remontarse a sus or\u00edgenes, seg\u00fan los cuales, lo que hoy es el t\u00e9rmino municipal de Lantadilla habr\u00eda estado formado antiguamente por dos villas, Lantada y Lantadilla, y tres barrios, San Pedro, Santa Cecilia y Fuentepi\u00f1el. La primera poblaci\u00f3n que se fund\u00f3 en esta zona fue Lantada, cuyo [&hellip;]<\/p>\n","protected":false},"author":1,"featured_media":0,"parent":0,"menu_order":2,"comment_status":"closed","ping_status":"closed","template":"","meta":{"footnotes":""},"class_list":["post-38","page","type-page","status-publish","hentry"],"_links":{"self":[{"href":"http:\/\/lantadilla.ddns.net\/lantadilla\/index.php\/wp-json\/wp\/v2\/pages\/38","targetHints":{"allow":["GET"]}}],"collection":[{"href":"http:\/\/lantadilla.ddns.net\/lantadilla\/index.php\/wp-json\/wp\/v2\/pages"}],"about":[{"href":"http:\/\/lantadilla.ddns.net\/lantadilla\/index.php\/wp-json\/wp\/v2\/types\/page"}],"author":[{"embeddable":true,"href":"http:\/\/lantadilla.ddns.net\/lantadilla\/index.php\/wp-json\/wp\/v2\/users\/1"}],"replies":[{"embeddable":true,"href":"http:\/\/lantadilla.ddns.net\/lantadilla\/index.php\/wp-json\/wp\/v2\/comments?post=38"}],"version-history":[{"count":10,"href":"http:\/\/lantadilla.ddns.net\/lantadilla\/index.php\/wp-json\/wp\/v2\/pages\/38\/revisions"}],"predecessor-version":[{"id":2393,"href":"http:\/\/lantadilla.ddns.net\/lantadilla\/index.php\/wp-json\/wp\/v2\/pages\/38\/revisions\/2393"}],"wp:attachment":[{"href":"http:\/\/lantadilla.ddns.net\/lantadilla\/index.php\/wp-json\/wp\/v2\/media?parent=38"}],"curies":[{"name":"wp","href":"https:\/\/api.w.org\/{rel}","templated":true}]}}