{"id":74,"date":"2024-10-26T01:48:58","date_gmt":"2024-10-25T23:48:58","guid":{"rendered":"http:\/\/lantadilla.ddns.net:82\/lantadilla\/?page_id=74"},"modified":"2025-12-28T02:17:12","modified_gmt":"2025-12-28T01:17:12","slug":"familia","status":"publish","type":"page","link":"http:\/\/lantadilla.ddns.net\/lantadilla\/index.php\/familia\/","title":{"rendered":"Familia Puebla Uri\u00e9n"},"content":{"rendered":"\n<p>Este apartado de la p\u00e1gina Web de Lantadilla es una referencia a nuestra familia, los descendientes de Melchor Puebla Carret\u00f3n y Catalina Uri\u00e9n Zarzosa, cuya casa nos ha reunido y reune a sus hijos, nietos y bisnietos en Lantadilla cada a\u00f1o:<\/p>\n\n\n\n<figure class=\"wp-block-image size-full is-resized\"><img loading=\"lazy\" decoding=\"async\" width=\"200\" height=\"127\" src=\"http:\/\/lantadilla.ddns.net\/lantadilla\/wp-content\/uploads\/2025\/12\/abuel-tx.jpg\" alt=\"\" class=\"wp-image-2233\" style=\"width:663px;height:auto\"\/><\/figure>\n\n\n\n<p>Primero algunas fotos de de hace unos cuantos a\u00f1os, una en el antiguo parque y otra en el corral de Rufino:<\/p>\n\n\n\n<table class=\"sin-bordes\">\n\n  <tr>\n    <td><img decoding=\"async\" src=\"http:\/\/lantadilla.ddns.net\/lantadilla\/wp-content\/uploads\/2025\/12\/rantpark.jpg\" alt=\"\" width=\"300\"><\/td>\n    <td><img decoding=\"async\" src=\"http:\/\/lantadilla.ddns.net\/lantadilla\/wp-content\/uploads\/2025\/12\/rtipcorr.jpg\" alt=\"\" width=\"300\"><\/td>\n  <\/tr>\n\n<\/table>\n\n<style>\n  table.sin-bordes,\n  table.sin-bordes td,\n  table.sin-bordes th {\n    border: none;\n  }\n<\/style>\n\n\n\n<p>A continuaci\u00f3n algunas fotos familiares que vamos haci\u00e9ndonos a\u00f1o a a\u00f1o al reunirnos en los d\u00edas de fiestas. La primera es del a\u00f1o 1991:<\/p>\n\n\n\n<figure class=\"wp-block-image size-full is-resized\"><img loading=\"lazy\" decoding=\"async\" width=\"500\" height=\"331\" src=\"http:\/\/lantadilla.ddns.net:81\/lantadilla\/wp-content\/uploads\/2025\/12\/familia1991.jpg\" alt=\"A\u00f1o 1991\" class=\"wp-image-2238\" style=\"width:663px;height:auto\" srcset=\"http:\/\/lantadilla.ddns.net\/lantadilla\/wp-content\/uploads\/2025\/12\/familia1991.jpg 500w, http:\/\/lantadilla.ddns.net\/lantadilla\/wp-content\/uploads\/2025\/12\/familia1991-300x199.jpg 300w\" sizes=\"auto, (max-width: 500px) 100vw, 500px\" \/><\/figure>\n\n\n\n<p>La de 1992:<\/p>\n\n\n\n<figure class=\"wp-block-image size-full is-resized\"><img loading=\"lazy\" decoding=\"async\" width=\"500\" height=\"361\" src=\"http:\/\/lantadilla.ddns.net:81\/lantadilla\/wp-content\/uploads\/2025\/12\/familia1992.jpg\" alt=\"A\u00f1o 1992\" class=\"wp-image-2240\" style=\"aspect-ratio:1.385082422066264;width:663px;height:auto\" srcset=\"http:\/\/lantadilla.ddns.net\/lantadilla\/wp-content\/uploads\/2025\/12\/familia1992.jpg 500w, http:\/\/lantadilla.ddns.net\/lantadilla\/wp-content\/uploads\/2025\/12\/familia1992-300x217.jpg 300w\" sizes=\"auto, (max-width: 500px) 100vw, 500px\" \/><\/figure>\n\n\n\n<p>La de 1994:<\/p>\n\n\n\n<figure class=\"wp-block-image size-full is-resized\"><img loading=\"lazy\" decoding=\"async\" width=\"500\" height=\"313\" src=\"http:\/\/lantadilla.ddns.net:81\/lantadilla\/wp-content\/uploads\/2025\/12\/familia1994.jpg\" alt=\"A\u00f1o 1994\" class=\"wp-image-2241\" style=\"width:663px;height:auto\" srcset=\"http:\/\/lantadilla.ddns.net\/lantadilla\/wp-content\/uploads\/2025\/12\/familia1994.jpg 500w, http:\/\/lantadilla.ddns.net\/lantadilla\/wp-content\/uploads\/2025\/12\/familia1994-300x188.jpg 300w\" sizes=\"auto, (max-width: 500px) 100vw, 500px\" \/><\/figure>\n\n\n\n<p>La de 1995:<\/p>\n\n\n\n<figure class=\"wp-block-image size-full is-resized\"><img loading=\"lazy\" decoding=\"async\" width=\"500\" height=\"322\" src=\"http:\/\/lantadilla.ddns.net:81\/lantadilla\/wp-content\/uploads\/2025\/12\/familia1995.jpg\" alt=\"A\u00f1o 1995\" class=\"wp-image-2242\" style=\"width:663px;height:auto\" srcset=\"http:\/\/lantadilla.ddns.net\/lantadilla\/wp-content\/uploads\/2025\/12\/familia1995.jpg 500w, http:\/\/lantadilla.ddns.net\/lantadilla\/wp-content\/uploads\/2025\/12\/familia1995-300x193.jpg 300w\" sizes=\"auto, (max-width: 500px) 100vw, 500px\" \/><\/figure>\n\n\n\n<p>La de 1996:<\/p>\n\n\n\n<figure class=\"wp-block-image size-full is-resized\"><img loading=\"lazy\" decoding=\"async\" width=\"500\" height=\"301\" src=\"http:\/\/lantadilla.ddns.net:81\/lantadilla\/wp-content\/uploads\/2025\/12\/familia1996.jpg\" alt=\"A\u00f1o 1996\" class=\"wp-image-2243\" style=\"width:663px;height:auto\" srcset=\"http:\/\/lantadilla.ddns.net\/lantadilla\/wp-content\/uploads\/2025\/12\/familia1996.jpg 500w, http:\/\/lantadilla.ddns.net\/lantadilla\/wp-content\/uploads\/2025\/12\/familia1996-300x181.jpg 300w\" sizes=\"auto, (max-width: 500px) 100vw, 500px\" \/><\/figure>\n\n\n\n<p>La de 1997:<\/p>\n\n\n\n<figure class=\"wp-block-image size-full is-resized\"><img loading=\"lazy\" decoding=\"async\" width=\"500\" height=\"345\" src=\"http:\/\/lantadilla.ddns.net:81\/lantadilla\/wp-content\/uploads\/2025\/12\/familia1997.jpg\" alt=\"\" class=\"wp-image-2244\" style=\"width:663px;height:auto\" srcset=\"http:\/\/lantadilla.ddns.net\/lantadilla\/wp-content\/uploads\/2025\/12\/familia1997.jpg 500w, http:\/\/lantadilla.ddns.net\/lantadilla\/wp-content\/uploads\/2025\/12\/familia1997-300x207.jpg 300w\" sizes=\"auto, (max-width: 500px) 100vw, 500px\" \/><\/figure>\n\n\n\n<p>La de 1999:<\/p>\n\n\n\n<figure class=\"wp-block-image size-full is-resized\"><img loading=\"lazy\" decoding=\"async\" width=\"500\" height=\"331\" src=\"http:\/\/lantadilla.ddns.net:81\/lantadilla\/wp-content\/uploads\/2025\/12\/familia1999.jpg\" alt=\"A\u00f1o 1999\" class=\"wp-image-2245\" style=\"width:663px;height:auto\" srcset=\"http:\/\/lantadilla.ddns.net\/lantadilla\/wp-content\/uploads\/2025\/12\/familia1999.jpg 500w, http:\/\/lantadilla.ddns.net\/lantadilla\/wp-content\/uploads\/2025\/12\/familia1999-300x199.jpg 300w\" sizes=\"auto, (max-width: 500px) 100vw, 500px\" \/><\/figure>\n\n\n\n<p>La de 2000:<\/p>\n\n\n\n<figure class=\"wp-block-image size-full is-resized\"><img loading=\"lazy\" decoding=\"async\" width=\"500\" height=\"333\" src=\"http:\/\/lantadilla.ddns.net:81\/lantadilla\/wp-content\/uploads\/2025\/12\/familia2000.jpg\" alt=\"A\u00f1o 2000\" class=\"wp-image-2246\" style=\"width:663px;height:auto\" srcset=\"http:\/\/lantadilla.ddns.net\/lantadilla\/wp-content\/uploads\/2025\/12\/familia2000.jpg 500w, http:\/\/lantadilla.ddns.net\/lantadilla\/wp-content\/uploads\/2025\/12\/familia2000-300x200.jpg 300w\" sizes=\"auto, (max-width: 500px) 100vw, 500px\" \/><\/figure>\n\n\n\n<p>La de 2001:<\/p>\n\n\n\n<figure class=\"wp-block-image size-full is-resized\"><img loading=\"lazy\" decoding=\"async\" width=\"500\" height=\"333\" src=\"http:\/\/lantadilla.ddns.net:81\/lantadilla\/wp-content\/uploads\/2025\/12\/familia2001.jpg\" alt=\"A\u00f1o 2001\" class=\"wp-image-2247\" style=\"width:663px;height:auto\" srcset=\"http:\/\/lantadilla.ddns.net\/lantadilla\/wp-content\/uploads\/2025\/12\/familia2001.jpg 500w, http:\/\/lantadilla.ddns.net\/lantadilla\/wp-content\/uploads\/2025\/12\/familia2001-300x200.jpg 300w\" sizes=\"auto, (max-width: 500px) 100vw, 500px\" \/><\/figure>\n\n\n\n<p>La de 2002:<\/p>\n\n\n\n<figure class=\"wp-block-image size-full is-resized\"><img loading=\"lazy\" decoding=\"async\" width=\"500\" height=\"333\" src=\"http:\/\/lantadilla.ddns.net:81\/lantadilla\/wp-content\/uploads\/2025\/12\/familia2002.jpg\" alt=\"A\u00f1o 2002\" class=\"wp-image-2248\" style=\"width:663px;height:auto\" srcset=\"http:\/\/lantadilla.ddns.net\/lantadilla\/wp-content\/uploads\/2025\/12\/familia2002.jpg 500w, http:\/\/lantadilla.ddns.net\/lantadilla\/wp-content\/uploads\/2025\/12\/familia2002-300x200.jpg 300w\" sizes=\"auto, (max-width: 500px) 100vw, 500px\" \/><\/figure>\n\n\n\n<p>Tambi\u00e9n de 2002, pero s\u00f3lo los m\u00e1s j\u00f3venes:<\/p>\n\n\n\n<figure class=\"wp-block-image size-full is-resized\"><img loading=\"lazy\" decoding=\"async\" width=\"500\" height=\"360\" src=\"http:\/\/lantadilla.ddns.net:81\/lantadilla\/wp-content\/uploads\/2025\/12\/familia2002b.jpg\" alt=\"A\u00f1o 2002\" class=\"wp-image-2249\" style=\"width:663px;height:auto\" srcset=\"http:\/\/lantadilla.ddns.net\/lantadilla\/wp-content\/uploads\/2025\/12\/familia2002b.jpg 500w, http:\/\/lantadilla.ddns.net\/lantadilla\/wp-content\/uploads\/2025\/12\/familia2002b-300x216.jpg 300w\" sizes=\"auto, (max-width: 500px) 100vw, 500px\" \/><\/figure>\n\n\n\n<p>La de 2003:<\/p>\n\n\n\n<figure class=\"wp-block-image size-full is-resized\"><img loading=\"lazy\" decoding=\"async\" width=\"500\" height=\"336\" src=\"http:\/\/lantadilla.ddns.net:81\/lantadilla\/wp-content\/uploads\/2025\/12\/familia2003.jpg\" alt=\"A\u00f1o 2003\" class=\"wp-image-2250\" style=\"width:663px;height:auto\" srcset=\"http:\/\/lantadilla.ddns.net\/lantadilla\/wp-content\/uploads\/2025\/12\/familia2003.jpg 500w, http:\/\/lantadilla.ddns.net\/lantadilla\/wp-content\/uploads\/2025\/12\/familia2003-300x202.jpg 300w\" sizes=\"auto, (max-width: 500px) 100vw, 500px\" \/><\/figure>\n\n\n\n<p>Tambi\u00e9n de 2003, pero de nuevo s\u00f3lo los m\u00e1s j\u00f3venes:<\/p>\n\n\n\n<figure class=\"wp-block-image size-full is-resized\"><img loading=\"lazy\" decoding=\"async\" width=\"500\" height=\"349\" src=\"http:\/\/lantadilla.ddns.net:81\/lantadilla\/wp-content\/uploads\/2025\/12\/familia2003b.jpg\" alt=\"A\u00f1o 2003\" class=\"wp-image-2251\" style=\"width:663px;height:auto\" srcset=\"http:\/\/lantadilla.ddns.net\/lantadilla\/wp-content\/uploads\/2025\/12\/familia2003b.jpg 500w, http:\/\/lantadilla.ddns.net\/lantadilla\/wp-content\/uploads\/2025\/12\/familia2003b-300x209.jpg 300w\" sizes=\"auto, (max-width: 500px) 100vw, 500px\" \/><\/figure>\n\n\n\n<p>La de 2004:<\/p>\n\n\n\n<figure class=\"wp-block-image size-full is-resized\"><img loading=\"lazy\" decoding=\"async\" width=\"500\" height=\"375\" src=\"http:\/\/lantadilla.ddns.net:81\/lantadilla\/wp-content\/uploads\/2025\/12\/familia2004.jpg\" alt=\"A\u00f1o 2004\" class=\"wp-image-2252\" style=\"width:663px;height:auto\" srcset=\"http:\/\/lantadilla.ddns.net\/lantadilla\/wp-content\/uploads\/2025\/12\/familia2004.jpg 500w, http:\/\/lantadilla.ddns.net\/lantadilla\/wp-content\/uploads\/2025\/12\/familia2004-300x225.jpg 300w\" sizes=\"auto, (max-width: 500px) 100vw, 500px\" \/><\/figure>\n\n\n\n<p>La de 2005:<\/p>\n\n\n\n<figure class=\"wp-block-image size-full is-resized\"><img loading=\"lazy\" decoding=\"async\" width=\"500\" height=\"375\" src=\"http:\/\/lantadilla.ddns.net:81\/lantadilla\/wp-content\/uploads\/2025\/12\/familia2005.jpg\" alt=\"A\u00f1o 2005\" class=\"wp-image-2253\" style=\"width:663px;height:auto\" srcset=\"http:\/\/lantadilla.ddns.net\/lantadilla\/wp-content\/uploads\/2025\/12\/familia2005.jpg 500w, http:\/\/lantadilla.ddns.net\/lantadilla\/wp-content\/uploads\/2025\/12\/familia2005-300x225.jpg 300w\" sizes=\"auto, (max-width: 500px) 100vw, 500px\" \/><\/figure>\n\n\n\n<p>La de 2006:<\/p>\n\n\n\n<figure class=\"wp-block-image size-full is-resized\"><img loading=\"lazy\" decoding=\"async\" width=\"500\" height=\"375\" src=\"http:\/\/lantadilla.ddns.net:81\/lantadilla\/wp-content\/uploads\/2025\/12\/familia2006.jpg\" alt=\"A\u00f1o 2006\" class=\"wp-image-2256\" style=\"width:663px;height:auto\" srcset=\"http:\/\/lantadilla.ddns.net\/lantadilla\/wp-content\/uploads\/2025\/12\/familia2006.jpg 500w, http:\/\/lantadilla.ddns.net\/lantadilla\/wp-content\/uploads\/2025\/12\/familia2006-300x225.jpg 300w\" sizes=\"auto, (max-width: 500px) 100vw, 500px\" \/><\/figure>\n\n\n\n<p>La de 2007:<\/p>\n\n\n\n<figure class=\"wp-block-image size-full is-resized\"><img loading=\"lazy\" decoding=\"async\" width=\"500\" height=\"375\" src=\"http:\/\/lantadilla.ddns.net:81\/lantadilla\/wp-content\/uploads\/2025\/12\/familia2007-1.jpg\" alt=\"A\u00f1o 2007\" class=\"wp-image-2255\" style=\"width:663px;height:auto\" srcset=\"http:\/\/lantadilla.ddns.net\/lantadilla\/wp-content\/uploads\/2025\/12\/familia2007-1.jpg 500w, http:\/\/lantadilla.ddns.net\/lantadilla\/wp-content\/uploads\/2025\/12\/familia2007-1-300x225.jpg 300w\" sizes=\"auto, (max-width: 500px) 100vw, 500px\" \/><\/figure>\n\n\n\n<p>Tambi\u00e9n de 2007, pero ahora s\u00f3lo los de la tercera generaci\u00f3n:<\/p>\n\n\n<div class=\"wp-block-image\">\n<figure class=\"aligncenter size-full is-resized\"><img loading=\"lazy\" decoding=\"async\" width=\"375\" height=\"500\" src=\"http:\/\/lantadilla.ddns.net:81\/lantadilla\/wp-content\/uploads\/2025\/12\/familia2007b.jpg\" alt=\"A\u00f1o 2007\" class=\"wp-image-2257\" style=\"width:503px;height:auto\" srcset=\"http:\/\/lantadilla.ddns.net\/lantadilla\/wp-content\/uploads\/2025\/12\/familia2007b.jpg 375w, http:\/\/lantadilla.ddns.net\/lantadilla\/wp-content\/uploads\/2025\/12\/familia2007b-225x300.jpg 225w\" sizes=\"auto, (max-width: 375px) 100vw, 375px\" \/><\/figure>\n<\/div>\n\n\n<p>Y de nuevo de 2007, pero ahora s\u00f3lo los de la cuarta generaci\u00f3n:<\/p>\n\n\n<div class=\"wp-block-image\">\n<figure class=\"aligncenter size-full is-resized\"><img loading=\"lazy\" decoding=\"async\" width=\"375\" height=\"500\" src=\"http:\/\/lantadilla.ddns.net:81\/lantadilla\/wp-content\/uploads\/2025\/12\/familia2007c.jpg\" alt=\"A\u00f1o 2007\" class=\"wp-image-2258\" style=\"width:501px;height:auto\" srcset=\"http:\/\/lantadilla.ddns.net\/lantadilla\/wp-content\/uploads\/2025\/12\/familia2007c.jpg 375w, http:\/\/lantadilla.ddns.net\/lantadilla\/wp-content\/uploads\/2025\/12\/familia2007c-225x300.jpg 225w\" sizes=\"auto, (max-width: 375px) 100vw, 375px\" \/><\/figure>\n<\/div>\n\n\n<p>La de 2008:<\/p>\n\n\n\n<figure class=\"wp-block-image size-full is-resized\"><img loading=\"lazy\" decoding=\"async\" width=\"500\" height=\"375\" src=\"http:\/\/lantadilla.ddns.net:81\/lantadilla\/wp-content\/uploads\/2025\/12\/familia2008.jpg\" alt=\"A\u00f1o 2008\" class=\"wp-image-2259\" style=\"width:663px;height:auto\" srcset=\"http:\/\/lantadilla.ddns.net\/lantadilla\/wp-content\/uploads\/2025\/12\/familia2008.jpg 500w, http:\/\/lantadilla.ddns.net\/lantadilla\/wp-content\/uploads\/2025\/12\/familia2008-300x225.jpg 300w\" sizes=\"auto, (max-width: 500px) 100vw, 500px\" \/><\/figure>\n\n\n\n<p>La de 2009:<\/p>\n\n\n\n<figure class=\"wp-block-image size-full is-resized\"><img loading=\"lazy\" decoding=\"async\" width=\"500\" height=\"375\" src=\"http:\/\/lantadilla.ddns.net:81\/lantadilla\/wp-content\/uploads\/2025\/12\/familia2009.jpg\" alt=\"A\u00f1o 2009\" class=\"wp-image-2260\" style=\"width:663px;height:auto\" srcset=\"http:\/\/lantadilla.ddns.net\/lantadilla\/wp-content\/uploads\/2025\/12\/familia2009.jpg 500w, http:\/\/lantadilla.ddns.net\/lantadilla\/wp-content\/uploads\/2025\/12\/familia2009-300x225.jpg 300w\" sizes=\"auto, (max-width: 500px) 100vw, 500px\" \/><\/figure>\n\n\n\n<p><strong>La de 2010:<\/strong><\/p>\n\n\n\n<figure class=\"wp-block-image size-full is-resized\"><img loading=\"lazy\" decoding=\"async\" width=\"500\" height=\"375\" src=\"http:\/\/lantadilla.ddns.net:81\/lantadilla\/wp-content\/uploads\/2025\/12\/familia2010.jpg\" alt=\"A\u00f1o 2010\" class=\"wp-image-2261\" style=\"width:663px;height:auto\" srcset=\"http:\/\/lantadilla.ddns.net\/lantadilla\/wp-content\/uploads\/2025\/12\/familia2010.jpg 500w, http:\/\/lantadilla.ddns.net\/lantadilla\/wp-content\/uploads\/2025\/12\/familia2010-300x225.jpg 300w\" sizes=\"auto, (max-width: 500px) 100vw, 500px\" \/><\/figure>\n\n\n\n<p>En esta estamos casi todos, s\u00f3lo falta Pili. En la fila superior y de izquierda a derecha somos: Pedro, Pepe, Luc\u00eda, Bel\u00e9n y Fernandito, Bittor, M\u00aa Cruz, To\u00f1ito y Oscar, Helena, Aurorita, Elena, Rub\u00e9n, In\u00e9s, Concha, Natalia, Aurora, Rafa, M\u00aa Jos\u00e9, Fernando, Jos\u00e9 Mari y Arcadia. Y en la fila inferior y de izquierda a derecha: Ibai, Miguel, Fernando y Ana Catalina, Silvia, \u00c1lvaro, Santi, Fernando, Alfonso, Crist\u00f3bal, Ram\u00f3n, Celia, Lea, Argia, Marta y Ricardo. En total, 38 en la foto.<\/p>\n\n\n\n<p>Y la de 2011:<\/p>\n\n\n\n<figure class=\"wp-block-image size-full is-resized\"><img loading=\"lazy\" decoding=\"async\" width=\"500\" height=\"375\" src=\"http:\/\/lantadilla.ddns.net:81\/lantadilla\/wp-content\/uploads\/2025\/12\/familia2011.jpg\" alt=\"A\u00f1o 2011\" class=\"wp-image-2262\" style=\"width:663px;height:auto\" srcset=\"http:\/\/lantadilla.ddns.net\/lantadilla\/wp-content\/uploads\/2025\/12\/familia2011.jpg 500w, http:\/\/lantadilla.ddns.net\/lantadilla\/wp-content\/uploads\/2025\/12\/familia2011-300x225.jpg 300w\" sizes=\"auto, (max-width: 500px) 100vw, 500px\" \/><\/figure>\n\n\n\n<p>En esta estamos, en la fila superior y de izquierda a derecha: Fernando, Pedro, Pepe, Bel\u00e9n, Arcadia, Jos\u00e9 M\u00aa, Ibai, Elena, Fernando, To\u00f1ito, M\u00aa Cruz, In\u00e9s, Helena, Rub\u00e9n, Santi, Aurora, Natalia, Conchi, Ram\u00f3n, Lea, Bittor y Rafa. Y en la fila inferior y de izquierda a derecha: Ricardo, Luc\u00eda, Fernandito, \u00c1lvaro, Miguel, Oscar, Argia, Crist\u00f3bal, Celia, Alfonso, Ana Catalina, Marta, Fernando y Silvia. En total, 36 en la foto.<\/p>\n\n\n\n<p>En el siguiente gr\u00e1fico se puede ver el \u00e1rbol geneal\u00f3gico de la familia desde Melchor y Catalina hasta las \u00faltimas incorporaciones de Julio de 2015:<\/p>\n\n\n\n<figure class=\"wp-block-image size-full is-resized\"><img loading=\"lazy\" decoding=\"async\" width=\"513\" height=\"502\" src=\"http:\/\/lantadilla.ddns.net:81\/lantadilla\/wp-content\/uploads\/2025\/12\/arbola.gif\" alt=\"\u00c1rbol geneal\u00f3gico\" class=\"wp-image-2263\" style=\"width:663px;height:auto\"\/><\/figure>\n\n\n\n<p>Hoy nos repartimos por Bilbao, A Coru\u00f1a, Segovia, Madrid, Lugo, Ciudad Real y Australia, pero si podemos nos juntamos por lo menos una vez al a\u00f1o.<\/p>\n","protected":false},"excerpt":{"rendered":"<p>Este apartado de la p\u00e1gina Web de Lantadilla es una referencia a nuestra familia, los descendientes de Melchor Puebla Carret\u00f3n y Catalina Uri\u00e9n Zarzosa, cuya casa nos ha reunido y reune a sus hijos, nietos y bisnietos en Lantadilla cada a\u00f1o: Primero algunas fotos de de hace unos cuantos a\u00f1os, una en el antiguo parque [&hellip;]<\/p>\n","protected":false},"author":1,"featured_media":0,"parent":0,"menu_order":0,"comment_status":"closed","ping_status":"closed","template":"","meta":{"footnotes":""},"class_list":["post-74","page","type-page","status-publish","hentry"],"_links":{"self":[{"href":"http:\/\/lantadilla.ddns.net\/lantadilla\/index.php\/wp-json\/wp\/v2\/pages\/74","targetHints":{"allow":["GET"]}}],"collection":[{"href":"http:\/\/lantadilla.ddns.net\/lantadilla\/index.php\/wp-json\/wp\/v2\/pages"}],"about":[{"href":"http:\/\/lantadilla.ddns.net\/lantadilla\/index.php\/wp-json\/wp\/v2\/types\/page"}],"author":[{"embeddable":true,"href":"http:\/\/lantadilla.ddns.net\/lantadilla\/index.php\/wp-json\/wp\/v2\/users\/1"}],"replies":[{"embeddable":true,"href":"http:\/\/lantadilla.ddns.net\/lantadilla\/index.php\/wp-json\/wp\/v2\/comments?post=74"}],"version-history":[{"count":14,"href":"http:\/\/lantadilla.ddns.net\/lantadilla\/index.php\/wp-json\/wp\/v2\/pages\/74\/revisions"}],"predecessor-version":[{"id":2367,"href":"http:\/\/lantadilla.ddns.net\/lantadilla\/index.php\/wp-json\/wp\/v2\/pages\/74\/revisions\/2367"}],"wp:attachment":[{"href":"http:\/\/lantadilla.ddns.net\/lantadilla\/index.php\/wp-json\/wp\/v2\/media?parent=74"}],"curies":[{"name":"wp","href":"https:\/\/api.w.org\/{rel}","templated":true}]}}